INSERT INTO `jos_redirect_links` VALUES
(7020, 'http://www.kagroupconsulting.com/index.php/mk/component/user/administrator/administrator/images/stories/Photki/inovacija.jpg', '', '', '', 0, '2012-06-09 07:03:11', '0000-00-00 00:00:00'),
(7021, 'http://www.kagroupconsulting.com/index.php/mk/component/weblinks/administrator/templates/go_roundy/images/arrow.png', '', '', '', 0, '2012-06-09 07:12:59', '0000-00-00 00:00:00'),
(7022, 'http://www.kagroupconsulting.com/index.php/mk/component/user/images/stories/ka/marketing-strategy-win-new-clients.jpg', '', '', '', 0, '2012-06-09 07:21:28', '0000-00-00 00:00:00'),
(7023, 'http://kagroupconsulting.com/index.php/mk/--/archive/components/com_joomfish/images/flags/en.gif', '', '', '', 0, '2012-06-09 07:22:10', '0000-00-00 00:00:00'),
(7024, 'http://www.kagroupconsulting.com/index.php/mk/news/components/com_joomfish/images/flags/en.gif', '', '', '', 0, '2012-06-09 07:23:26', '0000-00-00 00:00:00'),
(7025, 'http://www.kagroupconsulting.com/index.php/mk/component/content/article/34-the-web-page-of-ka-group-consulting/images/M_images/printButton.png', '', '', '', 0, '2012-06-09 07:54:08', '0000-00-00 00:00:00'),
(7026, 'http://www.kagroupconsulting.com/index.php/mk/--/administrator/images/stories/thumbnails/images-stories-ka-thumbs-rural-150x150.jpg', '', '', '', 0, '2012-06-09 07:57:23', '0000-00-00 00:00:00'),
(7027, 'http://www.kagroupconsulting.com/index.php/mk/component/content/article/35-kagroup/components/com_joomfish/images/flags/mk.gif', '', '', '', 0, '2012-06-09 08:11:06', '0000-00-00 00:00:00'),
(7028, 'http://www.kagroupconsulting.com/index.php/mk/services/organization/images/M_images/printButton.png', '', '', '', 0, '2012-06-09 08:18:57', '0000-00-00 00:00:00'),
(7029, 'http://www.kagroupconsulting.com/index.php/mk/component/poll/administrator/templates/go_roundy/images/arrow.png', '', '', '', 0, '2012-06-09 08:24:48', '0000-00-00 00:00:00'),
(7030, 'http://www.kagroupconsulting.com/index.php/mk/component/content/article/images/M_images/pdf_button.png', '', '', '', 0, '2012-06-09 08:38:34', '0000-00-00 00:00:00'),
(7031, 'http://www.kagroupconsulting.com/index.php/mk/component/weblinks/templates/go_roundy/images/trans.gif', '', '', '', 0, '2012-06-09 08:53:33', '0000-00-00 00:00:00'),
(7032, 'http://www.kagroupconsulting.com/index.php/mk/component/content/article/35-kagroup/administrator/images/M_images/pdf_button.png', '', '', '', 0, '2012-06-09 09:02:39', '0000-00-00 00:00:00'),
(7033, 'http://www.kagroupconsulting.com/index.php/mk/component/content/article/34-the-web-page-of-ka-group-consulting/administrator/templates/go_roundy/images/arrow.png', '', '', '', 0, '2012-06-09 09:03:52', '0000-00-00 00:00:00'),
(7034, 'http://www.kagroupconsulting.com/index.php/mk/home/images/stories/ka/logo_kagroup_maloweb.jpg', '', '', '', 0, '2012-06-09 09:05:04', '0000-00-00 00:00:00'),
(7035, 'http://www.kagroupconsulting.com/index.php/mk/news/--/images/stories/thumbnails/images-stories-Photki-tehnoma_italijani_amico_small-400x204.jpg', '', '', '', 0, '2012-06-09 09:08:07', '0000-00-00 00:00:00'),
(7036, 'http://www.kagroupconsulting.com/index.php/mk/component/content/article/34/administrator/images/stories/ka/logo mca2000.jpg', '', '', '', 0, '2012-06-09 09:10:03', '0000-00-00 00:00:00'),
(7037, 'http://kagroupconsulting.com/index.php/images/M_images/pdf_button.png', '', '', '', 0, '2012-06-09 09:16:00', '0000-00-00 00:00:00'),
(7038, 'http://www.kagroupconsulting.com/index.php/mk/component/content/category/images/stories/ka/thumbs/stolbcinja.jpg', '', '', '', 0, '2012-06-09 09:22:40', '0000-00-00 00:00:00'),
(7039, 'http://www.kagroupconsulting.com/index.php/mk/component/content/article/34/templates/go_roundy/images/trans.gif', '', '', '', 0, '2012-06-09 09:37:37', '0000-00-00 00:00:00'),
(7040, 'http://www.kagroupconsulting.com/index.php/mk/home/35-kagroup/images/stories/thumbnails/images-stories-ka-top class master-small-200x39.jpg', '', '', '', 0, '2012-06-09 09:51:46', '0000-00-00 00:00:00'),
(7041, 'http://www.kagroupconsulting.com/index.php/mk/component/poll/administrator/administrator/images/M_images/pdf_button.png', '', '', '', 0, '2012-06-09 23:31:11', '0000-00-00 00:00:00'),
(7042, 'http://www.kagroupconsulting.com/index.php/mk/home/35-kagroup/images/stories/ka/hydroplant.jpg', '', '', '', 0, '2012-06-09 23:56:33', '0000-00-00 00:00:00'),
(7043, 'http://www.kagroupconsulting.com/index.php/en/component/images/stories/ka/career.jpg', '', '', '', 0, '2012-06-10 03:57:56', '0000-00-00 00:00:00'),
(7044, 'http://www.kagroupconsulting.com/index.php/mk/-/administrator/images/stories/thumbnails/images-stories-ka-marketing-strategy-win-new-clients-117x150.jpg', '', '', '', 0, '2012-06-10 05:17:56', '0000-00-00 00:00:00'),
(7045, 'http://www.kagroupconsulting.com/index.php/mk/administrator/images/stories/clusters.jpg', '', '', '', 0, '2012-06-10 05:35:19', '0000-00-00 00:00:00'),
(7046, 'http://www.kagroupconsulting.com/index.php/mk/--/administrator/images/M_images/emailButton.png', '', '', '', 0, '2012-06-10 06:24:22', '0000-00-00 00:00:00'),
(7047, 'http://www.kagroupconsulting.com/index.php?option=com_poll&id=16:business-in-macedonia-is-getting-out-of-the-crises&Itemid=&lang=mk', '', '', '', 0, '2012-06-10 06:29:05', '0000-00-00 00:00:00'),
(7048, 'http://www.kagroupconsulting.com/index.php/mk/component/content/article/35-kagroup/images/stories/Photki/inovacija.jpg', '', '', '', 0, '2012-06-10 06:37:08', '0000-00-00 00:00:00'),
(7049, 'http://www.kagroupconsulting.com/index.php/mk/component/content/administrator/administrator/images/stories/ka/logo mca2000.jpg', '', '', '', 0, '2012-06-10 06:46:33', '0000-00-00 00:00:00'),
(7050, 'http://www.kagroupconsulting.com/index.php/en/component/content/35-kagroup/images/stories/Photki/vs_thumb.jpg', '', '', '', 0, '2012-06-10 06:47:13', '0000-00-00 00:00:00'),
(7051, 'http://www.kagroupconsulting.com/index.php/mk/--/images/M_images/printButton.png', '', '', '', 0, '2012-06-10 06:50:35', '0000-00-00 00:00:00'),
(7052, 'http://www.kagroupconsulting.com/index.php/mk/services/administrator/administrator/images/stories/ceed_diplomi_accessfinance.jpg', '', '', '', 0, '2012-06-10 07:10:07', '0000-00-00 00:00:00'),
(7053, 'http://www.kagroupconsulting.com/index.php/mk/home/administrator/administrator/components/com_joomfish/images/flags/en.gif', '', '', '', 0, '2012-06-10 07:24:56', '0000-00-00 00:00:00'),
(7054, 'http://www.kagroupconsulting.com/index.php/mk/component/content/article/components/com_joomfish/images/flags/en.gif', '', '', '', 0, '2012-06-10 07:25:33', '0000-00-00 00:00:00'),
(7055, 'http://www.kagroupconsulting.com/index.php/mk/component/poll/images/M_images/printButton.png', '', '', '', 0, '2012-06-10 07:28:54', '0000-00-00 00:00:00'),
(7056, 'http://www.kagroupconsulting.com/index.php/en/news/newsletter-archive/images/M_images/emailButton.png', '', '', '', 0, '2012-06-10 07:32:56', '0000-00-00 00:00:00'),
(7057, 'http://www.kagroupconsulting.com/index.php/mk/administrator/images/M_images/emailButton.png', '', '', '', 0, '2012-06-10 07:37:38', '0000-00-00 00:00:00'),
(7058, 'http://www.kagroupconsulting.com/index.php/mk/home/35-kagroup/administrator/images/stories/ka/thumbs/finance.jpg', '', '', '', 0, '2012-06-10 07:40:20', '0000-00-00 00:00:00'),
(7059, 'http://www.kagroupconsulting.com/index.php/mk/home/35-kagroup/images/stories/thumbnails/images-stories-Photki-tehnoma_italijani_amico_small-400x204.jpg', '', '', '', 0, '2012-06-10 07:54:28', '0000-00-00 00:00:00'),
(7060, 'http://www.kagroupconsulting.com/index.php/mk/component/acymailing/archive/view/mailid-8/images/stories/ka/logo_kagroup_maloweb.jpg', '', '', '', 0, '2012-06-10 08:03:51', '0000-00-00 00:00:00'),
(7061, 'http://www.kagroupconsulting.com/index.php/mk/home/administrator/administrator/images/M_images/pdf_button.png', '', '', '', 0, '2012-06-10 08:05:52', '0000-00-00 00:00:00'),
(7062, 'http://www.kagroupconsulting.com/index.php/administrator/administrator/images/M_images/emailButton.png', '', '', '', 0, '2012-06-10 08:28:04', '0000-00-00 00:00:00'),
(7063, 'http://www.kagroupconsulting.com/index.php/mk/-/administrator/images/stories/ka/marketing-strategy-win-new-clients.jpg', '', '', '', 0, '2012-06-10 08:36:48', '0000-00-00 00:00:00'),
(7064, 'http://www.kagroupconsulting.com/index.php/mk/component/content/administrator/templates/go_roundy/images/arrow.png', '', '', '', 0, '2012-06-10 08:40:52', '0000-00-00 00:00:00'),
(7065, 'http://www.kagroupconsulting.com/index.php/mk/--/administrator/images/stories/thumbnails/images-stories-Photki-tehnoma_italijani_amico_small-400x204.jpg', '', '', '', 0, '2012-06-10 08:42:16', '0000-00-00 00:00:00'),
(7066, 'http://www.kagroupconsulting.com/index.php/mk/services/images/stories/ka/logo_kagroup_maloweb.jpg', '', '', '', 0, '2012-06-10 08:42:52', '0000-00-00 00:00:00'),
(7067, 'http://www.kagroupconsulting.com/index.php/mk/templates/go_roundy/images/trans.gif', '', '', '', 0, '2012-06-10 08:48:14', '0000-00-00 00:00:00'),
(7068, 'http://www.kagroupconsulting.com/index.php/mk/component/administrator/images/stories/ka/thumbs/stolbcinja.jpg', '', '', '', 0, '2012-06-10 08:56:26', '0000-00-00 00:00:00'),
(7069, 'http://kagroupconsulting.com/index.php/mk/--/archive/administrator/administrator/templates/go_roundy/images/arrow.png', '', '', '', 0, '2012-06-10 09:07:45', '0000-00-00 00:00:00'),
(7070, 'http://www.kagroupconsulting.com/index.php/mk/home/35-kagroup/administrator/images/stories/ka/career.jpg', '', '', '', 0, '2012-06-10 09:26:46', '0000-00-00 00:00:00'),
(7071, 'http://www.kagroupconsulting.com/index.php/mk/services/images/stories/Photki/inovacija.jpg', '', '', '', 0, '2012-06-10 09:29:58', '0000-00-00 00:00:00'),
(7072, 'http://www.kagroupconsulting.com/index.php/mk/services/organization/administrator/images/stories/ka/thumbs/stolbcinja.jpg', '', '', '', 0, '2012-06-10 09:51:29', '0000-00-00 00:00:00'),
(7073, 'http://www.kagroupconsulting.com/index.php/mk/component/content/article/34-service-areas/components/com_joomfish/images/flags/mk.gif', '', '', '', 0, '2012-06-11 00:43:04', '0000-00-00 00:00:00'),
(7074, 'http://www.kagroupconsulting.com/index.php/mk/images/stories/ka/thumbs/zgrada.jpg', '', '', '', 0, '2012-06-11 02:03:43', '0000-00-00 00:00:00'),
(7075, 'http://www.kagroupconsulting.com/index.php/mk/component/content/article/35-kagroup/administrator/components/com_joomfish/images/flags/mk.gif', '', '', '', 0, '2012-06-11 03:22:58', '0000-00-00 00:00:00'),
(7076, 'http://www.kagroupconsulting.com/index.php/mk/component/content/article/administrator/components/com_joomfish/images/flags/mk.gif', '', '', '', 0, '2012-06-11 03:42:31', '0000-00-00 00:00:00'),
(7077, 'http://www.kagroupconsulting.com/index.php/mk/component/poll/administrator/images/stories/Photki/tehnoma_italijani_amico_small.jpg', '', '', '', 0, '2012-06-11 05:06:59', '0000-00-00 00:00:00'),
(7078, 'http://www.kagroupconsulting.com/index.php/mk/news/--/components/com_joomfish/images/flags/mk.gif', '', '', '', 0, '2012-06-11 06:03:31', '0000-00-00 00:00:00'),
(7079, 'http://www.kagroupconsulting.com/index.php/mk/--/administrator/images/stories/ka/thumbs/rural.jpg', '', '', '', 0, '2012-06-11 06:57:29', '0000-00-00 00:00:00'),
(7080, 'http://www.kagroupconsulting.com/index.php/mk/-/administrator/components/com_joomfish/images/flags/en.gif', '', '', '', 0, '2012-06-11 07:15:32', '0000-00-00 00:00:00'),
(7081, 'http://www.kagroupconsulting.com/index.php/mk/component/user/templates/go_roundy/images/trans.gif', '', '', '', 0, '2012-06-11 07:16:10', '0000-00-00 00:00:00'),
(7082, 'http://www.kagroupconsulting.com/index.php/en/component/content/images/M_images/pdf_button.png', '', '', '', 0, '2012-06-11 07:25:51', '0000-00-00 00:00:00'),
(7083, 'http://www.kagroupconsulting.com/index.php/en/component/content/35-kagroup/images/stories/Photki/inovacija.jpg', '', '', '', 0, '2012-06-11 07:27:47', '0000-00-00 00:00:00'),
(7084, 'http://www.kagroupconsulting.com/index.php/en/component/content/35-kagroup/images/stories/ka/openhand.jpg', '', '', '', 0, '2012-06-11 07:34:15', '0000-00-00 00:00:00'),
(7085, 'http://www.kagroupconsulting.com/index.php/mk/component/user/components/com_joomfish/images/flags/en.gif', '', '', '', 0, '2012-06-11 07:48:26', '0000-00-00 00:00:00'),
(7086, 'http://www.kagroupconsulting.com/index.php/mk/component/content/article/administrator/administrator/templates/go_roundy/images/arrow.png', '', '', '', 0, '2012-06-11 07:51:09', '0000-00-00 00:00:00'),
(7087, 'http://www.kagroupconsulting.com/index.php/mk/--/administrator/components/com_joomfish/images/flags/en.gif', '', '', '', 0, '2012-06-11 07:57:26', '0000-00-00 00:00:00'),
(7088, 'http://www.kagroupconsulting.com/index.php/mk/services/administrator/administrator/images/M_images/pdf_button.png', '', '', '', 0, '2012-06-11 07:58:43', '0000-00-00 00:00:00'),
(7089, 'http://www.kagroupconsulting.com/index.php/mk/news/--/administrator/images/M_images/pdf_button.png', '', '', '', 0, '2012-06-11 07:59:22', '0000-00-00 00:00:00'),
(7090, 'http://www.kagroupconsulting.com/index.php/mk/component/content/article/34-service-areas/administrator/administrator/images/stories/ka/thumbs/rural.jpg', '', '', '', 0, '2012-06-11 08:09:03', '0000-00-00 00:00:00'),
(7091, 'http://www.kagroupconsulting.com/index.php/mk/component/content/article/34-service-areas/images/stories/ka/logo_kagroup_maloweb.jpg', '', '', '', 0, '2012-06-11 08:09:40', '0000-00-00 00:00:00'),
(7092, 'http://www.kagroupconsulting.com/index.php/mk/services/images/stories/clusters.jpg', '', '', '', 0, '2012-06-11 08:10:19', '0000-00-00 00:00:00'),
(7093, 'http://www.kagroupconsulting.com/index.php/mk/home/administrator/images/stories/thumbnails/images-stories-Photki-inovacija-150x117.jpg', '', '', '', 0, '2012-06-11 08:21:14', '0000-00-00 00:00:00'),
(7094, 'http://www.kagroupconsulting.com/index.php/mk/component/content/article/35-kagroup/administrator/images/M_images/emailButton.png', '', '', '', 0, '2012-06-11 08:31:30', '0000-00-00 00:00:00'),
(7095, 'http://www.kagroupconsulting.com/index.php/mk/news/--/images/stories/ka/logo mca2000.jpg', '', '', '', 0, '2012-06-11 08:48:11', '0000-00-00 00:00:00'),
(7096, 'http://www.kagroupconsulting.com/index.php/mk/-/administrator/images/stories/thumbnails/images-stories-clusters-150x155.jpg', '', '', '', 0, '2012-06-11 08:54:36', '0000-00-00 00:00:00'),
(7097, 'http://www.kagroupconsulting.com/index.php/mk/home/35-kagroup/images/stories/ka/logo_kagroup_maloweb.jpg', '', '', '', 0, '2012-06-11 09:12:34', '0000-00-00 00:00:00'),
(7098, 'http://www.kagroupconsulting.com/index.php/mk/component/content/article/34-the-web-page-of-ka-group-consulting/images/stories/ka/logo evrosimovski-malo.jpg', '', '', '', 0, '2012-06-11 09:25:27', '0000-00-00 00:00:00'),
(7099, 'http://www.kagroupconsulting.com/index.php/mk/component/content/article/34/images/M_images/emailButton.png', '', '', '', 0, '2012-06-11 09:31:57', '0000-00-00 00:00:00'),
(7100, 'http://www.kagroupconsulting.com/index.php/images/stories/ka/thumbs/finance.jpg', '', '', '', 0, '2012-06-11 09:38:25', '0000-00-00 00:00:00'),
(7101, 'http://kagroupconsulting.com/index.php/mk/--/archive/administrator/administrator/templates/go_roundy/images/trans.gif', '', '', '', 0, '2012-06-11 09:39:06', '0000-00-00 00:00:00'),
(7102, 'http://kagroupconsulting.com/index.php/mk/news/administrator/images/stories/contactinformation-mk.jpg', '', '', '', 0, '2012-06-11 09:56:17', '0000-00-00 00:00:00'),
(7103, 'http://www.kagroupconsulting.com/index.php/mk/news/administrator/images/M_images/printButton.png', '', '', '', 0, '2012-06-11 10:00:39', '0000-00-00 00:00:00'),
(7104, 'http://www.kagroupconsulting.com/index.php/mk/component/content/article/34/images/stories/ka/logo_kagroup_maloweb.jpg', '', '', '', 0, '2012-06-11 10:16:33', '0000-00-00 00:00:00'),
(7105, 'http://www.kagroupconsulting.com/index.php/images/uacs_vklecture_2012-04-03 1.jpg', '', '', '', 0, '2012-06-11 15:47:41', '0000-00-00 00:00:00'),
(7106, 'http://www.kagroupconsulting.com/index.php/images/uacs_vklecture_2012-04-02 5.jpg', '', '', '', 0, '2012-06-11 15:48:51', '0000-00-00 00:00:00'),
(7107, 'http://www.kagroupconsulting.com/index.php/en.bes.com.mk', '', '', '', 0, '2012-06-11 15:59:06', '0000-00-00 00:00:00'),
(7108, 'http://www.kagroupconsulting.com/index.php/mk/-/administrator/templates/go_roundy/images/arrow.png', '', '', '', 0, '2012-06-11 22:19:20', '0000-00-00 00:00:00'),
(7109, 'http://www.kagroupconsulting.com/index.php/mk/services/administrator/images/stories/Photki/inovacija.jpg', '', '', '', 0, '2012-06-11 22:27:01', '0000-00-00 00:00:00'),
(7110, 'http://www.kagroupconsulting.com/index.php/mk/component/content/administrator/images/M_images/printButton.png', '', '', '', 0, '2012-06-12 00:14:06', '0000-00-00 00:00:00'),
(7111, 'http://www.kagroupconsulting.com/index.php/en/component/content/35-kagroup/images/stories/thumbnails/images-stories-Photki-inovacija-150x117.jpg', '', '', '', 0, '2012-06-12 02:44:43', '0000-00-00 00:00:00'),
(7112, 'http://www.kagroupconsulting.com/index.php/en/services/images/stories/ka/marketing.jpg', '', '', '', 0, '2012-06-12 05:19:24', '0000-00-00 00:00:00'),
(7113, 'http://www.kagroupconsulting.com/index.php/mk/component/content/article/administrator/images/stories/ka/plan.jpg', '', '', '', 0, '2012-06-12 05:22:54', '0000-00-00 00:00:00'),
(7114, 'http://www.kagroupconsulting.com/index.php/mk/services/organization/administrator/administrator/images/stories/ka/logo mca2000.jpg', '', '', '', 0, '2012-06-12 05:32:42', '0000-00-00 00:00:00'),
(7115, 'http://www.kagroupconsulting.com/index.php/mk/component/content/article/35/administrator/administrator/components/com_joomfish/images/flags/mk.gif', '', '', '', 0, '2012-06-12 07:00:26', '0000-00-00 00:00:00'),
(7116, 'http://www.kagroupconsulting.com/index.php/en/images/stories/ka/logo mca2000.jpg', '', '', '', 0, '2012-06-12 07:08:27', '0000-00-00 00:00:00'),
(7117, 'http://www.kagroupconsulting.com/index.php/en/news/newsletter-archive/images/stories/ka/logo_kagroup_maloweb.jpg', '', '', '', 0, '2012-06-12 07:11:48', '0000-00-00 00:00:00'),
(7118, 'http://www.kagroupconsulting.com/index.php/mk/news/images/stories/thumbnails/images-stories-ka-plan-154x150.jpg', '', '', '', 0, '2012-06-12 07:28:33', '0000-00-00 00:00:00'),
(7119, 'http://www.kagroupconsulting.com/index.php/en/services/organization/images/M_images/printButton.png', '', '', '', 0, '2012-06-12 07:41:17', '0000-00-00 00:00:00'),
(7120, 'http://www.kagroupconsulting.com/index.php/mk/-/administrator/administrator/images/stories/clusters.jpg', '', '', '', 0, '2012-06-12 07:41:58', '0000-00-00 00:00:00'),
(7121, 'http://www.kagroupconsulting.com/index.php/mk/home/components/com_joomfish/images/flags/mk.gif', '', '', '', 0, '2012-06-12 07:43:18', '0000-00-00 00:00:00'),
(7122, 'http://www.kagroupconsulting.com/index.php/en/news/newsletter-archive/images/stories/thumbnails/images-stories-ka-thumbs-zgrada-150x150.jpg', '', '', '', 0, '2012-06-12 07:48:39', '0000-00-00 00:00:00'),
(7123, 'http://www.kagroupconsulting.com/index.php/mk/component/weblinks/administrator/components/com_joomfish/images/flags/en.gif', '', '', '', 0, '2012-06-12 07:54:41', '0000-00-00 00:00:00'),
(7124, 'http://www.kagroupconsulting.com/index.php/mk/services/administrator/administrator/images/M_images/printButton.png', '', '', '', 0, '2012-06-12 08:16:06', '0000-00-00 00:00:00'),
(7125, 'http://www.kagroupconsulting.com/index.php/en/services/images/stories/ka/strategy.jpg', '', '', '', 0, '2012-06-12 08:25:30', '0000-00-00 00:00:00'),
(7126, 'http://www.kagroupconsulting.com/index.php/en/component/poll/templates/go_roundy/images/trans.gif', '', '', '', 0, '2012-06-12 08:42:22', '0000-00-00 00:00:00'),
(7127, 'http://www.kagroupconsulting.com/index.php/mk/component/content/administrator/administrator/templates/go_roundy/images/trans.gif', '', '', '', 0, '2012-06-12 08:50:18', '0000-00-00 00:00:00'),
(7128, 'http://www.kagroupconsulting.com/index.php/mk/component/content/article/administrator/administrator/images/M_images/printButton.png', '', '', '', 0, '2012-06-12 08:50:58', '0000-00-00 00:00:00'),
(7129, 'http://www.kagroupconsulting.com/index.php/mk/component/content/article/35/administrator/images/M_images/emailButton.png', '', '', '', 0, '2012-06-12 08:53:44', '0000-00-00 00:00:00'),
(7130, 'http://www.kagroupconsulting.com/index.php/mk/home/35-kagroup/administrator/images/stories/thumbnails/images-stories-ka-thumbs-finance-150x150.jpg', '', '', '', 0, '2012-06-12 08:54:59', '0000-00-00 00:00:00'),
(7131, 'http://www.kagroupconsulting.com/index.php/mk/component/poll/administrator/administrator/templates/go_roundy/images/arrow.png', '', '', '', 0, '2012-06-12 08:59:43', '0000-00-00 00:00:00'),
(7132, 'http://www.kagroupconsulting.com/index.php/mk/services/images/M_images/printButton.png', '', '', '', 0, '2012-06-12 09:10:08', '0000-00-00 00:00:00'),
(7133, 'http://www.kagroupconsulting.com/index.php/mk/component/content/article/34-service-areas/administrator/images/stories/ka/logo_kagroup_maloweb.jpg', '', '', '', 0, '2012-06-12 09:31:22', '0000-00-00 00:00:00'),
(7134, 'http://www.kagroupconsulting.com/index.php/mk/--/administrator/administrator/templates/go_roundy/images/trans.gif', '', '', '', 0, '2012-06-12 09:31:52', '0000-00-00 00:00:00'),
(7135, 'http://www.kagroupconsulting.com/index.php/mk/component/content/article/34/images/M_images/pdf_button.png', '', '', '', 0, '2012-06-12 09:49:20', '0000-00-00 00:00:00'),
(7136, 'http://www.kagroupconsulting.com/index.php/mk/home/35-kagroup/images/stories/ka/top class master-small.jpg', '', '', '', 0, '2012-06-12 10:18:44', '0000-00-00 00:00:00'),
(7137, 'http://www.kagroupconsulting.com/index.php?option=com_poll&id=18:the-new-design-of-the-web-page-is-better-than-before&lang=mk&Itemid=', '', '', '', 0, '2012-06-12 12:36:36', '0000-00-00 00:00:00'),
(7138, 'http://www.kagroupconsulting.com/index.php/mk/component/content/article/34-service-areas/images/M_images/emailButton.png', '', '', '', 0, '2012-06-12 22:33:56', '0000-00-00 00:00:00'),
(7139, 'http://www.kagroupconsulting.com/index.php/en/component/content/article/34/components/com_joomfish/images/flags/en.gif', '', '', '', 0, '2012-06-12 22:41:04', '0000-00-00 00:00:00'),
(7140, 'http://www.kagroupconsulting.com/index.php/mk/--/images/stories/ka/logo mca2000.jpg', '', '', '', 0, '2012-06-12 23:13:08', '0000-00-00 00:00:00'),
(7141, 'http://www.kagroupconsulting.com/index.php?view=category&id=6:related-projects&option=com_newsfeeds&Itemid=49&lang=en', '', '', '', 0, '2012-06-13 00:09:16', '0000-00-00 00:00:00'),
(7142, 'http://www.kagroupconsulting.com/index.php/mk/component/images/stories/ka/logo_kagroup_maloweb.jpg', '', '', '', 0, '2012-06-13 03:33:09', '0000-00-00 00:00:00'),
(7143, 'http://www.kagroupconsulting.com/index.php/mk/-/images/stories/thumbnails/images-stories-ka-marketing-strategy-win-new-clients-117x150.jpg', '', '', '', 0, '2012-06-13 04:17:18', '0000-00-00 00:00:00'),
(7144, 'http://www.kagroupconsulting.com/index.php/mk/--/administrator/administrator/images/M_images/pdf_button.png', '', '', '', 0, '2012-06-13 04:59:19', '0000-00-00 00:00:00'),
(7145, 'http://www.kagroupconsulting.com/index.php/mk/component/weblinks/administrator/administrator/images/M_images/pdf_button.png', '', '', '', 0, '2012-06-13 05:21:18', '0000-00-00 00:00:00'),
(7146, 'http://www.kagroupconsulting.com/index.php/mk/component/content/article/34/administrator/images/stories/thumbnails/images-stories-ka-hydroplant-150x140.jpg', '', '', '', 0, '2012-06-13 06:16:31', '0000-00-00 00:00:00'),
(7147, 'http://www.kagroupconsulting.com/index.php/images/stories/thumbnails/images-stories-ka-marketing-152x150.jpg', '', '', '', 0, '2012-06-13 06:50:51', '0000-00-00 00:00:00'),
(7148, 'http://www.kagroupconsulting.com/index.php/en/component/content/components/com_joomfish/images/flags/en.gif', '', '', '', 0, '2012-06-13 06:57:35', '0000-00-00 00:00:00'),
(7149, 'http://www.kagroupconsulting.com/index.php/mk/component/content/article/34-service-areas/components/com_joomfish/images/flags/en.gif', '', '', '', 0, '2012-06-13 07:39:10', '0000-00-00 00:00:00'),
(7150, 'http://www.kagroupconsulting.com/index.php/mk/--/administrator/administrator/components/com_joomfish/images/flags/mk.gif', '', '', '', 0, '2012-06-13 07:42:30', '0000-00-00 00:00:00'),
(7151, 'http://www.kagroupconsulting.com/index.php/en/component/components/com_joomfish/images/flags/mk.gif', '', '', '', 0, '2012-06-13 07:59:12', '0000-00-00 00:00:00'),
(7152, 'http://www.kagroupconsulting.com/index.php/mk/services/organization/administrator/administrator/images/stories/Photki/tehnoma_italijani_amico_small.jpg', '', '', '', 0, '2012-06-13 08:11:12', '0000-00-00 00:00:00'),
(7153, 'http://www.kagroupconsulting.com/index.php/mk/services/components/com_joomfish/images/flags/mk.gif', '', '', '', 0, '2012-06-13 08:13:12', '0000-00-00 00:00:00'),
(7154, 'http://www.kagroupconsulting.com/index.php/mk/component/content/article/administrator/images/M_images/emailButton.png', '', '', '', 0, '2012-06-13 08:14:31', '0000-00-00 00:00:00'),
(7155, 'http://www.kagroupconsulting.com/index.php/mk/component/content/article/34-the-web-page-of-ka-group-consulting/administrator/images/M_images/pdf_button.png', '', '', '', 0, '2012-06-13 08:22:31', '0000-00-00 00:00:00'),
(7156, 'http://www.kagroupconsulting.com/index.php/mk/home/35-kagroup/images/stories/ka/logo mca2000.jpg', '', '', '', 0, '2012-06-13 08:37:10', '0000-00-00 00:00:00'),
(7157, 'http://www.kagroupconsulting.com/index.php/mk/component/content/article/34-service-areas/administrator/administrator/components/com_joomfish/images/flags/mk.gif', '', '', '', 0, '2012-06-13 08:50:28', '0000-00-00 00:00:00'),
(7158, 'http://www.kagroupconsulting.com/index.php/mk/news/--/administrator/components/com_joomfish/images/flags/mk.gif', '', '', '', 0, '2012-06-13 08:57:06', '0000-00-00 00:00:00'),
(7159, 'http://www.kagroupconsulting.com/index.php/mk/component/user/images/M_images/printButton.png', '', '', '', 0, '2012-06-13 09:05:03', '0000-00-00 00:00:00'),
(7160, 'http://www.kagroupconsulting.com/index.php/mk/news/--/administrator/templates/go_roundy/images/arrow.png', '', '', '', 0, '2012-06-13 09:06:23', '0000-00-00 00:00:00'),
(7161, 'http://www.kagroupconsulting.com/index.php/mk/news/templates/go_roundy/images/trans.gif', '', '', '', 0, '2012-06-13 09:07:41', '0000-00-00 00:00:00'),
(7162, 'http://www.kagroupconsulting.com/index.php/en/images/stories/ka/openhand.jpg', '', '', '', 0, '2012-06-13 09:10:21', '0000-00-00 00:00:00'),
(7163, 'http://www.kagroupconsulting.com/index.php/mk/home/35-kagroup/administrator/images/stories/thumbnails/images-stories-ka-marketing-152x150.jpg', '', '', '', 0, '2012-06-13 09:16:18', '0000-00-00 00:00:00'),
(7164, 'http://www.kagroupconsulting.com/index.php/en/images/stories/ka/thumbs/finance.jpg', '', '', '', 0, '2012-06-13 09:27:01', '0000-00-00 00:00:00'),
(7165, 'http://www.kagroupconsulting.com/index.php/mk/component/content/article/34/images/M_images/printButton.png', '', '', '', 0, '2012-06-13 09:43:28', '0000-00-00 00:00:00'),
(7166, 'http://www.kagroupconsulting.com/index.php/en/component/content/35-kagroup/images/stories/clusters.jpg', '', '', '', 0, '2012-06-13 23:24:52', '0000-00-00 00:00:00'),
(7167, 'http://www.kagroupconsulting.com/index.php/mk/--/images/stories/thumbnails/images-stories-ka-hydroplant-150x140.jpg', '', '', '', 0, '2012-06-13 23:25:34', '0000-00-00 00:00:00'),
(7168, 'http://www.kagroupconsulting.com/index.php/mk/component/content/article/administrator/images/M_images/pdf_button.png', '', '', '', 0, '2012-06-13 23:55:08', '0000-00-00 00:00:00'),
(7169, 'http://www.kagroupconsulting.com/index.php/mk/component/content/article/35/administrator/administrator/templates/go_roundy/images/trans.gif', '', '', '', 0, '2012-06-14 01:40:46', '0000-00-00 00:00:00'),
(7170, 'http://www.kagroupconsulting.com/index.php/en/component/content/35-kagroup/images/stories/thumbnails/images-stories-Photki-vs_thumb-150x129.jpg', '', '', '', 0, '2012-06-14 02:29:53', '0000-00-00 00:00:00'),
(7171, 'http://www.kagroupconsulting.com/index.php/mk/component/weblinks/images/M_images/pdf_button.png', '', '', '', 0, '2012-06-14 04:29:23', '0000-00-00 00:00:00'),
(7172, 'http://www.kagroupconsulting.com/index.php/en/services/organization/images/stories/thumbnails/images-stories-clusters-150x155.jpg', '', '', '', 0, '2012-06-14 07:35:36', '0000-00-00 00:00:00'),
(7173, 'http://www.kagroupconsulting.com/index.php/mk/home/images/stories/thumbnails/images-stories-ka-hydroplant-150x140.jpg', '', '', '', 0, '2012-06-14 07:48:28', '0000-00-00 00:00:00'),
(7174, 'http://www.kagroupconsulting.com/index.php/mk/news/--/images/stories/ka/logo_kagroup_maloweb.jpg', '', '', '', 0, '2012-06-14 07:49:06', '0000-00-00 00:00:00'),
(7175, 'http://www.kagroupconsulting.com/index.php/mk/home/35-kagroup/images/stories/ceed_diplomi_accessfinance.jpg', '', '', '', 0, '2012-06-14 07:54:54', '0000-00-00 00:00:00'),
(7176, 'http://www.kagroupconsulting.com/index.php/mk/news/images/stories/thumbnails/images-stories-clusters-150x155.jpg', '', '', '', 0, '2012-06-14 07:59:25', '0000-00-00 00:00:00'),
(7177, 'http://www.kagroupconsulting.com/index.php/en/component/content/article/34/images/stories/ka/openhand.jpg', '', '', '', 0, '2012-06-14 08:17:28', '0000-00-00 00:00:00'),
(7178, 'http://www.kagroupconsulting.com/index.php/mk/home/administrator/administrator/images/stories/Photki/inovacija.jpg', '', '', '', 0, '2012-06-14 08:18:45', '0000-00-00 00:00:00'),
(7179, 'http://www.kagroupconsulting.com/index.php/mk/home/administrator/administrator/images/M_images/printButton.png', '', '', '', 0, '2012-06-14 08:25:11', '0000-00-00 00:00:00'),
(7180, 'http://www.kagroupconsulting.com/index.php/mk/component/content/article/34-service-areas/administrator/components/com_joomfish/images/flags/mk.gif', '', '', '', 0, '2012-06-14 08:29:42', '0000-00-00 00:00:00'),
(7181, 'http://www.kagroupconsulting.com/index.php/mk/component/content/article/34/administrator/images/stories/ka/top class master-small.jpg', '', '', '', 0, '2012-06-14 08:33:34', '0000-00-00 00:00:00'),
(7182, 'http://www.kagroupconsulting.com/index.php/en/component/poll/images/stories/ka/marketing.jpg', '', '', '', 0, '2012-06-14 08:41:57', '0000-00-00 00:00:00'),
(7183, 'http://www.kagroupconsulting.com/index.php/en/component/content/35-kagroup/images/stories/ka/FP7-gen-RGB.jpg', '', '', '', 0, '2012-06-14 09:12:14', '0000-00-00 00:00:00'),
(7184, 'http://www.kagroupconsulting.com/index.php/administrator/administrator/images/stories/ka/thumbs/finance.jpg', '', '', '', 0, '2012-06-14 09:14:49', '0000-00-00 00:00:00'),
(7185, 'http://www.kagroupconsulting.com/index.php/en/component/content/article/34/images/stories/ka/marketing.jpg', '', '', '', 0, '2012-06-14 09:26:25', '0000-00-00 00:00:00'),
(7186, 'http://www.kagroupconsulting.com/index.php/mk/component/content/article/35-kagroup/images/stories/ka/logo_kagroup_maloweb.jpg', '', '', '', 0, '2012-06-14 09:27:03', '0000-00-00 00:00:00'),
(7187, 'http://www.kagroupconsulting.com/index.php/mk/component/content/article/administrator/administrator/images/M_images/emailButton.png', '', '', '', 0, '2012-06-14 09:27:42', '0000-00-00 00:00:00'),
(7188, 'http://www.kagroupconsulting.com/index.php/en/component/poll/templates/go_roundy/images/arrow.png', '', '', '', 0, '2012-06-14 09:28:20', '0000-00-00 00:00:00'),
(7189, 'http://www.kagroupconsulting.com/index.php/mk/component/administrator/administrator/images/stories/ka/thumbs/stolbcinja.jpg', '', '', '', 0, '2012-06-14 09:48:20', '0000-00-00 00:00:00'),
(7190, 'http://www.kagroupconsulting.com/index.php/mk/images/stories/ka/FP7-gen-RGB.jpg', '', '', '', 0, '2012-06-14 09:48:55', '0000-00-00 00:00:00'),
(7191, 'http://www.kagroupconsulting.com/index.php/mk/component/acymailing/archive/view/images/stories/ka/hydroplant.jpg', '', '', '', 0, '2012-06-14 09:57:16', '0000-00-00 00:00:00'),
(7192, 'http://www.kagroupconsulting.com/index.php/mk/component/acymailing/archive/images/stories/Photki/tehnoma_italijani_amico_small.jpg', '', '', '', 0, '2012-06-14 09:57:51', '0000-00-00 00:00:00'),
(7193, 'http://www.kagroupconsulting.com/index.php/mk/news/administrator/templates/go_roundy/images/trans.gif', '', '', '', 0, '2012-06-14 10:03:02', '0000-00-00 00:00:00'),
(7194, 'http://www.kagroupconsulting.com/index.php/en/services/organization/images/stories/Photki/tehnoma_italijani_amico_small.jpg', '', '', '', 0, '2012-06-14 10:27:47', '0000-00-00 00:00:00'),
(7195, 'http://www.kagroupconsulting.com/index.php/images/stories/thumbnails/images-stories-Photki-inovacija-150x117.jpg', '', '', '', 0, '2012-06-14 22:42:54', '0000-00-00 00:00:00'),
(7196, 'http://www.kagroupconsulting.com/index.php/en/news/images/stories/ka/logo_kagroup_maloweb.jpg', '', '', '', 0, '2012-06-14 22:43:41', '0000-00-00 00:00:00'),
(7197, 'http://www.kagroupconsulting.com/index.php/mk/component/weblinks/administrator/administrator/templates/go_roundy/images/arrow.png', '', '', '', 0, '2012-06-14 23:35:02', '0000-00-00 00:00:00'),
(7198, 'http://www.kagroupconsulting.com/index.php/mk/--/administrator/images/stories/thumbnails/images-stories-Photki-vs_thumb-150x129.jpg', '', '', '', 0, '2012-06-15 00:02:38', '0000-00-00 00:00:00'),
(7199, 'http://www.kagroupconsulting.com/index.php/administrator/images/stories/ka/logo_kagroup_maloweb.jpg', '', '', '', 0, '2012-06-15 00:04:40', '0000-00-00 00:00:00'),
(7200, 'http://www.kagroupconsulting.com/index.php/mk/component/poll/administrator/administrator/components/com_joomfish/images/flags/en.gif', '', '', '', 0, '2012-06-15 02:18:35', '0000-00-00 00:00:00'),
(7201, 'http://www.kagroupconsulting.com/index.php/mk/news/--/images/stories/ka/thumbs/stolbcinja.jpg', '', '', '', 0, '2012-06-15 02:30:41', '0000-00-00 00:00:00'),
(7202, 'http://www.kagroupconsulting.com/index.php/mk/services/organization/images/M_images/emailButton.png', '', '', '', 0, '2012-06-15 04:30:05', '0000-00-00 00:00:00'),
(7203, 'http://www.kagroupconsulting.com/index.php/mk/images/M_images/pdf_button.png', '', '', '', 0, '2012-06-15 05:10:58', '0000-00-00 00:00:00'),
(7204, 'http://www.kagroupconsulting.com/index.php/mk/component/images/stories/thumbnails/images-stories-ka-logo evrosimovski-malo-85x50.jpg', '', '', '', 0, '2012-06-15 06:30:09', '0000-00-00 00:00:00'),
(7205, 'http://www.kagroupconsulting.com/index.php/mk/component/weblinks/administrator/administrator/images/stories/ka/logo_kagroup_maloweb.jpg', '', '', '', 0, '2012-06-15 06:30:48', '0000-00-00 00:00:00'),
(7206, 'http://www.kagroupconsulting.com/index.php/mk/news/images/stories/ka/logo_kagroup_maloweb.jpg', '', '', '', 0, '2012-06-15 07:20:47', '0000-00-00 00:00:00'),
(7207, 'http://www.kagroupconsulting.com/index.php/mk/--/images/stories/Photki/tehnoma_italijani_amico_small.jpg', '', '', '', 0, '2012-06-15 07:21:27', '0000-00-00 00:00:00'),
(7208, 'http://www.kagroupconsulting.com/index.php/images/M_images/emailButton.png', '', '', '', 0, '2012-06-15 07:46:05', '0000-00-00 00:00:00'),
(7209, 'http://www.kagroupconsulting.com/index.php/mk/home/administrator/administrator/images/stories/thumbnails/images-stories-ka-thumbs-zgrada-150x150.jpg', '', '', '', 0, '2012-06-15 08:09:26', '0000-00-00 00:00:00'),
(7210, 'http://www.kagroupconsulting.com/index.php/mk/-/components/com_joomfish/images/flags/mk.gif', '', '', '', 0, '2012-06-15 08:10:44', '0000-00-00 00:00:00'),
(7211, 'http://www.kagroupconsulting.com/index.php/en/services/organization/images/stories/clusters.jpg', '', '', '', 0, '2012-06-15 08:19:11', '0000-00-00 00:00:00'),
(7212, 'http://www.kagroupconsulting.com/index.php/mk/home/images/stories/ka/openhand.jpg', '', '', '', 0, '2012-06-15 08:20:28', '0000-00-00 00:00:00'),
(7213, 'http://www.kagroupconsulting.com/index.php/mk/component/weblinks/administrator/administrator/components/com_joomfish/images/flags/mk.gif', '', '', '', 0, '2012-06-15 08:28:16', '0000-00-00 00:00:00'),
(7214, 'http://www.kagroupconsulting.com/index.php/mk/images/stories/thumbnails/images-stories-ka-marketing-152x150.jpg', '', '', '', 0, '2012-06-15 08:29:34', '0000-00-00 00:00:00'),
(7215, 'http://www.kagroupconsulting.com/index.php/mk/news/--/administrator/administrator/images/M_images/emailButton.png', '', '', '', 0, '2012-06-15 08:39:19', '0000-00-00 00:00:00'),
(7216, 'http://www.kagroupconsulting.com/index.php/mk/--/administrator/images/stories/thumbnails/images-stories-ka-thumbs-stolbcinja-149x150.jpg', '', '', '', 0, '2012-06-15 08:52:16', '0000-00-00 00:00:00'),
(7217, 'http://www.kagroupconsulting.com/index.php/mk/services/images/stories/thumbnails/images-stories-ka-FP7-gen-RGB-123x100.jpg', '', '', '', 0, '2012-06-15 08:52:56', '0000-00-00 00:00:00'),
(7218, 'http://www.kagroupconsulting.com/index.php/en/news/newsletter-archive/archive/components/com_joomfish/images/flags/mk.gif', '', '', '', 0, '2012-06-15 09:08:30', '0000-00-00 00:00:00'),
(7219, 'http://www.kagroupconsulting.com/index.php/en/news/images/M_images/printButton.png', '', '', '', 0, '2012-06-15 09:16:15', '0000-00-00 00:00:00'),
(7220, 'http://www.kagroupconsulting.com/index.php/mk/-/administrator/images/M_images/pdf_button.png', '', '', '', 0, '2012-06-15 09:21:24', '0000-00-00 00:00:00'),
(7221, 'http://www.kagroupconsulting.com/index.php/en/component/content/images/M_images/printButton.png', '', '', '', 0, '2012-06-15 09:23:20', '0000-00-00 00:00:00'),
(7222, 'http://www.kagroupconsulting.com/index.php/mk/images/stories/thumbnails/images-stories-ka-logo_kagroup_maloweb-150x42.jpg', '', '', '', 0, '2012-06-15 09:29:47', '0000-00-00 00:00:00'),
(7223, 'http://www.kagroupconsulting.com/index.php/mk/home/35-kagroup/administrator/images/stories/ka/logo mca2000.jpg', '', '', '', 0, '2012-06-15 10:00:34', '0000-00-00 00:00:00'),
(7224, 'http://www.kagroupconsulting.com/index.php/mk/home/images/M_images/printButton.png', '', '', '', 0, '2012-06-15 10:00:59', '0000-00-00 00:00:00'),
(7225, 'http://www.kagroupconsulting.com/index.php/mk/component/content/article/34/components/com_joomfish/images/flags/en.gif', '', '', '', 0, '2012-06-15 10:02:00', '0000-00-00 00:00:00'),
(7226, 'http://www.kagroupconsulting.com/index.php/images/stories/ka/career.jpg', '', '', '', 0, '2012-06-15 10:14:21', '0000-00-00 00:00:00'),
(7227, 'http://www.kagroupconsulting.com/index.php/mk/news/administrator/images/M_images/pdf_button.png', '', '', '', 0, '2012-06-15 10:31:43', '0000-00-00 00:00:00'),
(7228, 'http://www.kagroupconsulting.com/index.php/mk/news/administrator/components/com_joomfish/images/flags/mk.gif', '', '', '', 0, '2012-06-15 10:35:08', '0000-00-00 00:00:00'),
(7229, 'http://www.kagroupconsulting.com/index.php/mk/news/administrator/images/stories/ka/logo_kagroup_maloweb.jpg', '', '', '', 0, '2012-06-15 10:44:48', '0000-00-00 00:00:00'),
(7230, 'http://www.kagroupconsulting.com/index.php/mk/component/content/article/34/administrator/templates/go_roundy/images/arrow.png', '', '', '', 0, '2012-06-15 23:00:44', '0000-00-00 00:00:00'),
(7231, 'http://www.kagroupconsulting.com/index.php/mk/home/35-kagroup/images/stories/Photki/tehnoma_italijani_amico_small.jpg', '', '', '', 0, '2012-06-15 23:28:53', '0000-00-00 00:00:00'),
(7232, 'http://www.kagroupconsulting.com/index.php/en/component/content/templates/go_roundy/images/arrow.png', '', '', '', 0, '2012-06-16 01:31:45', '0000-00-00 00:00:00'),
(7233, 'http://www.kagroupconsulting.com/index.php/en/component/content/article/images/M_images/printButton.png', '', '', '', 0, '2012-06-16 02:26:35', '0000-00-00 00:00:00'),
(7234, 'http://www.kagroupconsulting.com/index.php/mk/services/administrator/components/com_joomfish/images/flags/mk.gif', '', '', '', 0, '2012-06-16 05:09:38', '0000-00-00 00:00:00'),
(7235, 'http://www.kagroupconsulting.com/index.php/mk/component/content/article/administrator/administrator/images/M_images/pdf_button.png', '', '', '', 0, '2012-06-16 05:37:00', '0000-00-00 00:00:00'),
(7236, 'http://www.kagroupconsulting.com/index.php/administrator/images/stories/thumbnails/images-stories-ka-hydroplant-150x140.jpg', '', '', '', 0, '2012-06-16 05:38:10', '0000-00-00 00:00:00'),
(7237, 'http://www.kagroupconsulting.com/index.php/mk/component/content/article/34/administrator/administrator/components/com_joomfish/images/flags/en.gif', '', '', '', 0, '2012-06-16 06:41:33', '0000-00-00 00:00:00'),
(7238, 'http://www.kagroupconsulting.com/index.php/mk/news/--/templates/go_roundy/images/trans.gif', '', '', '', 0, '2012-06-16 06:49:21', '0000-00-00 00:00:00'),
(7239, 'http://www.kagroupconsulting.com/index.php/mk/--/administrator/administrator/images/stories/ka/marketing.jpg', '', '', '', 0, '2012-06-16 07:25:24', '0000-00-00 00:00:00'),
(7240, 'http://www.kagroupconsulting.com/index.php/mk/images/stories/thumbnails/images-stories-ka-career-100x109.jpg', '', '', '', 0, '2012-06-16 07:43:10', '0000-00-00 00:00:00'),
(7241, 'http://www.kagroupconsulting.com/index.php/mk/home/administrator/administrator/images/M_images/emailButton.png', '', '', '', 0, '2012-06-16 07:47:20', '0000-00-00 00:00:00'),
(7242, 'http://www.kagroupconsulting.com/index.php/mk/component/weblinks/images/stories/ka/strategy.jpg', '', '', '', 0, '2012-06-16 07:50:11', '0000-00-00 00:00:00'),
(7243, 'http://www.kagroupconsulting.com/index.php/en/component/content/images/stories/ka/logo mca2000.jpg', '', '', '', 0, '2012-06-16 07:58:41', '0000-00-00 00:00:00'),
(7244, 'http://www.kagroupconsulting.com/index.php/en/news/newsletter-archive/archive/images/stories/ka/thumbs/stolbcinja.jpg', '', '', '', 0, '2012-06-16 09:06:55', '0000-00-00 00:00:00'),
(7245, 'http://www.kagroupconsulting.com/index.php/administrator/images/stories/ka/hydroplant.jpg', '', '', '', 0, '2012-06-16 09:08:18', '0000-00-00 00:00:00'),
(7246, 'http://www.kagroupconsulting.com/index.php/mk/component/weblinks/administrator/administrator/images/M_images/emailButton.png', '', '', '', 0, '2012-06-16 09:09:42', '0000-00-00 00:00:00'),
(7247, 'http://www.kagroupconsulting.com/index.php/administrator/administrator/images/stories/thumbnails/images-stories-ka-thumbs-finance-150x150.jpg', '', '', '', 0, '2012-06-16 09:10:24', '0000-00-00 00:00:00'),
(7248, 'http://www.kagroupconsulting.com/index.php/mk/component/content/article/35-kagroup/administrator/images/stories/Photki/tehnoma_italijani_amico_small.jpg', '', '', '', 0, '2012-06-16 09:15:17', '0000-00-00 00:00:00'),
(7249, 'http://www.kagroupconsulting.com/index.php/mk/services/administrator/administrator/components/com_joomfish/images/flags/mk.gif', '', '', '', 0, '2012-06-16 09:21:32', '0000-00-00 00:00:00'),
(7250, 'http://www.kagroupconsulting.com/index.php/mk/component/acymailing/archive/view/mailid-8/components/com_joomfish/images/flags/mk.gif', '', '', '', 0, '2012-06-16 09:25:43', '0000-00-00 00:00:00'),
(7251, 'http://www.kagroupconsulting.com/index.php/en/services/images/M_images/pdf_button.png', '', '', '', 0, '2012-06-16 09:26:25', '0000-00-00 00:00:00'),
(7252, 'http://www.kagroupconsulting.com/index.php/en/services/organization/images/stories/thumbnails/images-stories-Photki-vs_thumb-150x129.jpg', '', '', '', 0, '2012-06-16 09:56:20', '0000-00-00 00:00:00'),
(7253, 'http://www.kagroupconsulting.com/index.php/mk/images/stories/thumbnails/images-stories-ka-FP7-gen-RGB-123x100.jpg', '', '', '', 0, '2012-06-16 09:57:02', '0000-00-00 00:00:00'),
(7254, 'http://www.kagroupconsulting.com/index.php/mk/component/weblinks/administrator/components/com_joomfish/images/flags/mk.gif', '', '', '', 0, '2012-06-16 09:58:23', '0000-00-00 00:00:00'),
(7255, 'http://www.kagroupconsulting.com/index.php/mk/news/administrator/components/com_joomfish/images/flags/en.gif', '', '', '', 0, '2012-06-16 10:23:20', '0000-00-00 00:00:00'),
(7256, 'http://www.kagroupconsulting.com/index.php/mk/home/35-kagroup/administrator/images/stories/thumbnails/images-stories-ka-career-100x109.jpg', '', '', '', 0, '2012-06-16 10:23:42', '0000-00-00 00:00:00'),
(7257, 'http://www.kagroupconsulting.com/index.php/images/stories/ka/openhand.jpg', '', '', '', 0, '2012-06-16 22:30:09', '0000-00-00 00:00:00'),
(7258, 'http://www.kagroupconsulting.com/index.php/en/images/M_images/printButton.png', '', '', '', 0, '2012-06-16 23:07:57', '0000-00-00 00:00:00'),
(7259, 'http://www.kagroupconsulting.com/index.php/mk/home/administrator/images/stories/ka/logo_kagroup_maloweb.jpg', '', '', '', 0, '2012-06-17 06:56:27', '0000-00-00 00:00:00'),
(7260, 'http://www.kagroupconsulting.com/index.php/mk/-/templates/go_roundy/images/arrow.png', '', '', '', 0, '2012-06-17 07:31:40', '0000-00-00 00:00:00'),
(7261, 'http://www.kagroupconsulting.com/index.php/en/news/newsletter-archive/components/com_joomfish/images/flags/mk.gif', '', '', '', 0, '2012-06-17 07:36:26', '0000-00-00 00:00:00'),
(7262, 'http://www.kagroupconsulting.com/index.php/mk/component/weblinks/administrator/templates/go_roundy/images/trans.gif', '', '', '', 0, '2012-06-17 07:37:57', '0000-00-00 00:00:00'),
(7263, 'http://www.kagroupconsulting.com/index.php/mk/-/administrator/administrator/images/M_images/emailButton.png', '', '', '', 0, '2012-06-17 07:44:43', '0000-00-00 00:00:00'),
(7264, 'http://www.kagroupconsulting.com/index.php/mk/component/content/article/34/administrator/administrator/images/stories/thumbnails/images-stories-Photki-inovacija-150x117.jpg', '', '', '', 0, '2012-06-17 07:46:07', '0000-00-00 00:00:00'),
(7265, 'http://www.kagroupconsulting.com/index.php/mk/component/content/article/34/administrator/administrator/images/stories/Photki/inovacija.jpg', '', '', '', 0, '2012-06-17 07:54:22', '0000-00-00 00:00:00'),
(7266, 'http://www.kagroupconsulting.com/index.php/mk/news/images/stories/clusters.jpg', '', '', '', 0, '2012-06-17 08:35:07', '0000-00-00 00:00:00'),
(7267, 'http://www.kagroupconsulting.com/index.php/administrator/administrator/images/stories/ka/logo_kagroup_maloweb.jpg', '', '', '', 0, '2012-06-17 08:45:27', '0000-00-00 00:00:00'),
(7268, 'http://www.kagroupconsulting.com/index.php/mk/news/--/administrator/images/M_images/printButton.png', '', '', '', 0, '2012-06-17 09:03:59', '0000-00-00 00:00:00'),
(7269, 'http://www.kagroupconsulting.com/index.php/mk/services/organization/administrator/administrator/images/stories/thumbnails/images-stories-Photki-inovacija-150x117.jpg', '', '', '', 0, '2012-06-17 09:08:47', '0000-00-00 00:00:00'),
(7270, 'http://www.kagroupconsulting.com/index.php/images/stories/Photki/inovacija.jpg', '', '', '', 0, '2012-06-17 09:21:09', '0000-00-00 00:00:00'),
(7271, 'http://www.kagroupconsulting.com/index.php/en/services/organization/images/M_images/pdf_button.png', '', '', '', 0, '2012-06-17 09:22:30', '0000-00-00 00:00:00'),
(7272, 'http://www.kagroupconsulting.com/index.php/mk/services/organization/administrator/images/stories/thumbnails/images-stories-ka-thumbs-stolbcinja-149x150.jpg', '', '', '', 0, '2012-06-17 09:47:54', '0000-00-00 00:00:00'),
(7273, 'http://www.kagroupconsulting.com/index.php/administrator/images/stories/thumbnails/images-stories-Photki-vs_thumb-150x129.jpg', '', '', '', 0, '2012-06-17 10:36:17', '0000-00-00 00:00:00'),
(7274, 'http://www.kagroupconsulting.com/index.php/mk/-/images/stories/ka/thumbs/finance.jpg', '', '', '', 0, '2012-06-17 22:40:36', '0000-00-00 00:00:00'),
(7275, 'http://www.kagroupconsulting.com/index.php/administrator/images/M_images/printButton.png', '', '', '', 0, '2012-06-18 03:26:49', '0000-00-00 00:00:00'),
(7276, 'http://www.kagroupconsulting.com/index.php/mk/component/poll/administrator/images/M_images/pdf_button.png', '', '', '', 0, '2012-06-18 04:23:08', '0000-00-00 00:00:00'),
(7277, 'http://www.kagroupconsulting.com/index.php/mk/news/--/administrator/administrator/components/com_joomfish/images/flags/mk.gif', '', '', '', 0, '2012-06-18 06:38:05', '0000-00-00 00:00:00'),
(7278, 'http://www.kagroupconsulting.com/index.php/en/component/weblinks/components/com_joomfish/images/flags/mk.gif', '', '', '', 0, '2012-06-18 07:34:52', '0000-00-00 00:00:00'),
(7279, 'http://www.kagroupconsulting.com/index.php/en/component/images/stories/thumbnails/images-stories-clusters-150x155.jpg', '', '', '', 0, '2012-06-18 08:19:11', '0000-00-00 00:00:00'),
(7280, 'http://www.kagroupconsulting.com/index.php/mk/news/--/components/com_joomfish/images/flags/en.gif', '', '', '', 0, '2012-06-18 08:59:00', '0000-00-00 00:00:00'),
(7281, 'http://www.kagroupconsulting.com/index.php/mk/-/administrator/administrator/templates/go_roundy/images/trans.gif', '', '', '', 0, '2012-06-18 09:21:22', '0000-00-00 00:00:00'),
(7282, 'http://www.kagroupconsulting.com/index.php/mk/-/administrator/images/M_images/emailButton.png', '', '', '', 0, '2012-06-18 09:27:40', '0000-00-00 00:00:00'),
(7283, 'http://www.kagroupconsulting.com/index.php/mk/news/administrator/templates/go_roundy/images/arrow.png', '', '', '', 0, '2012-06-18 10:20:22', '0000-00-00 00:00:00'),
(7284, 'http://www.kagroupconsulting.com/index.php/administrator/images/stories/Photki/vs_thumb.jpg', '', '', '', 0, '2012-06-18 10:34:10', '0000-00-00 00:00:00'),
(7285, 'http://www.kagroupconsulting.com/index.php/mk/--/administrator/templates/go_roundy/images/arrow.png', '', '', '', 0, '2012-06-19 04:59:02', '0000-00-00 00:00:00'),
(7286, 'http://www.kagroupconsulting.com/index.php/en/component/weblinks/images/stories/thumbnails/images-stories-ka-career-100x109.jpg', '', '', '', 0, '2012-06-19 07:57:03', '0000-00-00 00:00:00'),
(7287, 'http://www.kagroupconsulting.com/index.php/mk/-/administrator/administrator/images/stories/ka/strategy.jpg', '', '', '', 0, '2012-06-19 08:03:35', '0000-00-00 00:00:00'),
(7288, 'http://www.kagroupconsulting.com/index.php/mk/component/content/article/34-service-areas/administrator/images/stories/clusters.jpg', '', '', '', 0, '2012-06-19 09:16:09', '0000-00-00 00:00:00'),
(7289, 'http://www.kagroupconsulting.com/index.php/mk/news/--/images/M_images/pdf_button.png', '', '', '', 0, '2012-06-19 09:18:43', '0000-00-00 00:00:00'),
(7290, 'http://kagroupconsulting.com/index.php/mk/--/archive/administrator/administrator/images/stories/ka/logo_kagroup_maloweb.jpg', '', '', '', 0, '2012-06-19 11:00:14', '0000-00-00 00:00:00'),
(7291, 'http://www.kagroupconsulting.com/index.php/mk/-/administrator/administrator/images/M_images/pdf_button.png', '', '', '', 0, '2012-06-20 04:24:00', '0000-00-00 00:00:00'),
(7292, 'http://www.kagroupconsulting.com/index.php/mk/administrator/templates/go_roundy/images/arrow.png', '', '', '', 0, '2012-06-20 05:40:27', '0000-00-00 00:00:00');
INSERT INTO `jos_redirect_links` VALUES
(7293, 'http://www.kagroupconsulting.com/index.php/mk/component/content/article/34-service-areas/administrator/components/com_joomfish/images/flags/en.gif', '', '', '', 0, '2012-06-20 07:23:00', '0000-00-00 00:00:00'),
(7294, 'http://www.kagroupconsulting.com/index.php/mk/images/stories/ka/career.jpg', '', '', '', 0, '2012-06-20 08:23:27', '0000-00-00 00:00:00'),
(7295, 'http://www.kagroupconsulting.com/index.php/mk/component/content/article/administrator/templates/go_roundy/images/trans.gif', '', '', '', 0, '2012-06-20 08:44:53', '0000-00-00 00:00:00'),
(7296, 'http://www.kagroupconsulting.com/index.php/mk/component/content/article/34/administrator/administrator/images/stories/Photki/tehnoma_italijani_amico_small.jpg', '', '', '', 0, '2012-06-20 10:36:58', '0000-00-00 00:00:00'),
(7297, 'http://www.kagroupconsulting.com/index.php/images/stories/thumbnails/images-stories-ka-career-100x109.jpg', '', '', '', 0, '2012-06-20 10:58:24', '0000-00-00 00:00:00'),
(7298, 'http://www.kagroupconsulting.com/index.php/mk/services/images/stories/thumbnails/images-stories-clusters-150x155.jpg', '', '', '', 0, '2012-06-20 23:11:13', '0000-00-00 00:00:00'),
(7299, 'http://www.kagroupconsulting.com/index.php/mk/services/components/com_joomfish/images/flags/en.gif', '', '', '', 0, '2012-06-21 04:29:39', '0000-00-00 00:00:00'),
(7300, 'http://www.kagroupconsulting.com/index.php/mk/--/images/stories/ka/hydroplant.jpg', '', '', '', 0, '2012-06-21 09:35:32', '0000-00-00 00:00:00'),
(7301, 'http://www.kagroupconsulting.com/index.php/mk/news/administrator/images/M_images/emailButton.png', '', '', '', 0, '2012-06-21 10:32:16', '0000-00-00 00:00:00'),
(7302, 'http://www.kagroupconsulting.com/index.php/mk/component/content/article/34/52-corporate-strategy-and-business-planning', '', '', '', 0, '2012-06-21 15:32:03', '0000-00-00 00:00:00'),
(7303, 'http://www.kagroupconsulting.com/index.php/mk/component/images/stories/thumbnails/images-stories-ka-logo_kagroup_maloweb-150x42.jpg', '', '', '', 0, '2012-06-22 07:38:02', '0000-00-00 00:00:00'),
(7304, 'http://www.kagroupconsulting.com/index.php/mk/component/poll/administrator/administrator/components/com_joomfish/images/flags/mk.gif', '', '', '', 0, '2012-06-22 07:58:35', '0000-00-00 00:00:00'),
(7305, 'http://www.kagroupconsulting.com/index.php/mk/administrator/images/stories/ceed_diplomi_accessfinance.jpg', '', '', '', 0, '2012-06-22 11:14:06', '0000-00-00 00:00:00'),
(7306, 'http://www.kagroupconsulting.com/index.php/news/"http://sociolozi.org.mk/images/docs/revija/socrev22011.pdf"', '', '', '', 0, '2012-06-24 01:14:51', '0000-00-00 00:00:00'),
(7307, 'http://www.kagroupconsulting.com/index.php/about-us/"http://mk.linkedin.com/pub/danco-dimkov/9/451/901"', '', '', '', 0, '2012-06-24 01:15:41', '0000-00-00 00:00:00'),
(7308, 'http://www.kagroupconsulting.com/index.php/news/"http://dl.dropbox.com/u/9205705/KA_oglas_vraboten/ProcesSelekcija_KAgroup.pdf"', '', '', '', 0, '2012-06-24 01:16:31', '0000-00-00 00:00:00'),
(7309, 'http://www.kagroupconsulting.com/index.php/about-us/"http://mk.linkedin.com/in/vaskokarangeleski"', '', '', '', 0, '2012-06-24 01:16:42', '0000-00-00 00:00:00'),
(7310, 'http://www.kagroupconsulting.com/index.php/news/"http://www.en.bes.com.mk"', '', '', '', 0, '2012-06-24 01:17:12', '0000-00-00 00:00:00'),
(7311, 'http://www.kagroupconsulting.com/index.php/about-us/"http://rs.linkedin.com/in/nikolacuric"', '', '', '', 0, '2012-06-24 01:17:30', '0000-00-00 00:00:00'),
(7312, 'http://www.kagroupconsulting.com/index.php/news/"http://www.icmci.org/"', '', '', '', 0, '2012-06-24 01:18:24', '0000-00-00 00:00:00'),
(7313, 'http://www.kagroupconsulting.com/index.php/about-us/"http://mk.linkedin.com/pub/aleksandra-pecijareska/32/5b3/3b5"', '', '', '', 0, '2012-06-24 01:19:30', '0000-00-00 00:00:00'),
(7314, 'http://www.kagroupconsulting.com/index.php/news/"http://dl.dropbox.com/u/9205705/KA_oglas_vraboten/Konsultant_analiticar_Opis.pdf"', '', '', '', 0, '2012-06-24 01:19:37', '0000-00-00 00:00:00'),
(7315, 'http://www.kagroupconsulting.com/index.php/"http://www.icmci.org/"', '', '', '', 0, '2012-06-24 01:21:15', '0000-00-00 00:00:00'),
(7316, 'http://www.kagroupconsulting.com/index.php/"http://dl.dropbox.com/u/9205705/KA_oglas_vraboten/ProcesSelekcija_KAgroup.pdf"', '', '', '', 0, '2012-06-24 01:21:21', '0000-00-00 00:00:00'),
(7317, 'http://www.kagroupconsulting.com/index.php/"http://www.en.bes.com.mk"', '', '', '', 0, '2012-06-24 01:21:36', '0000-00-00 00:00:00'),
(7318, 'http://www.kagroupconsulting.com/index.php/"en.bes.com.mk"', '', '', '', 0, '2012-06-24 01:21:41', '0000-00-00 00:00:00'),
(7319, 'http://www.kagroupconsulting.com/index.php/"http://sociolozi.org.mk/images/docs/revija/socrev22011.pdf"', '', '', '', 0, '2012-06-24 01:21:43', '0000-00-00 00:00:00'),
(7320, 'http://www.kagroupconsulting.com/index.php/news/"http://vs.edu.mk/index.php?option=com_content&view=article&id=958:2011-10-30-18-15-33&catid=97:2011-02-07-15-46-22&Itemid=105&lang=en"', '', '', '', 0, '2012-06-24 01:21:45', '0000-00-00 00:00:00'),
(7321, 'http://www.kagroupconsulting.com/index.php/"http://vs.edu.mk/index.php?option=com_content&view=article&id=958:2011-10-30-18-15-33&catid=97:2011-02-07-15-46-22&Itemid=105&lang=en"', '', '', '', 0, '2012-06-24 01:21:54', '0000-00-00 00:00:00'),
(7322, 'http://www.kagroupconsulting.com/index.php/"http://dl.dropbox.com/u/9205705/KA_oglas_vraboten/Konsultant_analiticar_Opis.pdf"', '', '', '', 0, '2012-06-24 01:21:58', '0000-00-00 00:00:00'),
(7323, 'http://www.kagroupconsulting.com/index.php/"http://sociolozi.org.mk/images/docs/revija/socrev12011.pdf"', '', '', '', 0, '2012-06-24 01:22:06', '0000-00-00 00:00:00'),
(7324, 'http://www.kagroupconsulting.com/index.php/news/"http://sociolozi.org.mk/images/docs/revija/socrev12011.pdf"', '', '', '', 0, '2012-06-24 01:23:02', '0000-00-00 00:00:00'),
(7325, 'http://www.kagroupconsulting.com/index.php?option=-1''&view=article&id=73:training-for-sparks-psdii-partners-project-management-for-eu-community-programs-focus-on-fp7&catid=1:latest-news&Itemid=50&lang=en', '', '', '', 0, '2012-07-14 02:20:42', '0000-00-00 00:00:00'),
(7326, 'http://www.kagroupconsulting.com/index.php?option=com_poll&id=17:-------------&lang=en&Itemid=', '', '', '', 0, '2012-07-16 17:35:54', '0000-00-00 00:00:00'),
(7327, 'http://www.kagroupconsulting.com/index.php?view=category&id=4:joomla&option=com_newsfeeds&lang=en', '', '', '', 0, '2012-07-16 18:37:30', '0000-00-00 00:00:00'),
(7328, 'http://www.kagroupconsulting.com/index.php/images/stories/ka/top class master-small.jpg', '', '', '', 0, '2012-07-19 01:15:14', '0000-00-00 00:00:00'),
(7329, 'http://www.kagroupconsulting.com/index.php/images/stories/thumbnails/images-stories-ka-top class master-small-200x39.jpg', '', '', '', 0, '2012-07-20 02:55:34', '0000-00-00 00:00:00'),
(7330, 'http://kagroupconsulting.com/index.php/component/content/article/54-kamain/', '', '', '', 0, '2012-07-22 08:40:05', '0000-00-00 00:00:00'),
(7331, 'http://www.kagroupconsulting.com/index.php/mk/services/organization/53-glavna2', '', '', '', 0, '2012-07-24 16:46:22', '0000-00-00 00:00:00'),
(7332, 'http://www.kagroupconsulting.com/index.php/mk/component/newsfeeds/', '', '', '', 0, '2012-07-26 19:17:24', '0000-00-00 00:00:00'),
(7333, 'http://www.kagroupconsulting.com/index.php/component/content/article/54-kamain/', '', '', '', 0, '2012-07-28 06:13:40', '0000-00-00 00:00:00'),
(7334, 'http://kagroupconsulting.com/index.php/component/content/article/55-services/', '', '', '', 0, '2012-07-28 06:18:14', '0000-00-00 00:00:00'),
(7335, 'http://www.kagroupconsulting.com/index.php/mk/component/poll/17-companies-in-the-balkans-often-engage-management-consultants-to-help-improve-company-performance', '', '', '', 0, '2012-08-01 17:51:45', '0000-00-00 00:00:00'),
(7336, 'http://www.kagroupconsulting.com/index.php?view=category&id=4:joomla&option=com_newsfeeds&lang=mk', '', '', '', 0, '2012-08-02 10:07:49', '0000-00-00 00:00:00'),
(7337, 'http://www.kagroupconsulting.com/index.php?view=category&id=5:free-and-open-source-software&option=com_newsfeeds&lang=en', '', '', '', 0, '2012-08-02 22:14:05', '0000-00-00 00:00:00'),
(7338, 'http://kagroupconsulting.com/index.php/mk/component/poll/17-companies-in-the-balkans-often-engage-management-consultants-to-help-improve-company-performance', '', '', '', 0, '2012-08-02 22:42:39', '0000-00-00 00:00:00'),
(7339, 'http://www.kagroupconsulting.com/index.php/about-us/clients-and-partners', '', 'http://www.kagroupconsulting.com/index.php/development-services', '', 0, '2012-08-03 12:46:14', '0000-00-00 00:00:00'),
(7340, 'http://www.kagroupconsulting.com/index.php/mk/news', '', '', '', 0, '2012-08-08 23:37:38', '0000-00-00 00:00:00'),
(7341, 'http://www.kagroupconsulting.com/index.php?option=com_content&view=article&id=46:welcome-to-the-web-page-of-ka-group-consulting&catid=34:the-web-page-of-ka-group-consulting&Itemid=1&lang=mk', '', '', '', 0, '2012-08-09 03:14:05', '0000-00-00 00:00:00'),
(7342, 'http://www.kagroupconsulting.com/index.php?option=com_content&view=category&id=28:current-users&layout=default&Itemid=44&lang=mk', '', '', '', 0, '2012-08-09 10:23:22', '0000-00-00 00:00:00'),
(7343, 'http://www.kagroupconsulting.com/index.php/images/stories/ka/thumbs/rural.jpg', '', '', '', 0, '2012-08-11 14:23:00', '0000-00-00 00:00:00'),
(7344, 'http://kagroupconsulting.com/index.php/img.caption', '', '', '', 0, '2012-08-13 02:50:45', '0000-00-00 00:00:00'),
(7345, 'http://kagroupconsulting.com/index.php/text/javascript', '', '', '', 0, '2012-08-13 02:50:56', '0000-00-00 00:00:00'),
(7346, 'http://kagroupconsulting.com/index.php/a.modal', '', '', '', 0, '2012-08-13 02:51:22', '0000-00-00 00:00:00'),
(7347, 'http://kagroupconsulting.com/index.php/.idv.tw', '', '', '', 0, '2012-08-13 04:17:23', '0000-00-00 00:00:00'),
(7348, 'http://kagroupconsulting.com/index.php/div.highlighted', '', '', '', 0, '2012-08-13 04:17:46', '0000-00-00 00:00:00'),
(7349, 'http://kagroupconsulting.com/index.php/</div>', '', '', '', 0, '2012-08-13 04:18:40', '0000-00-00 00:00:00'),
(7350, 'http://kagroupconsulting.com/index.php/kagroupconsulting.com', '', '', '', 0, '2012-08-13 04:20:08', '0000-00-00 00:00:00'),
(7351, 'http://kagroupconsulting.com/index.php/.com.es', '', '', '', 0, '2012-08-13 04:20:40', '0000-00-00 00:00:00'),
(7352, 'http://kagroupconsulting.com/index.php/.ind.in', '', '', '', 0, '2012-08-13 04:20:47', '0000-00-00 00:00:00'),
(7353, 'http://kagroupconsulting.com/index.php/.nom.co', '', '', '', 0, '2012-08-13 04:20:53', '0000-00-00 00:00:00'),
(7354, 'http://kagroupconsulting.com/index.php/.com.bz', '', '', '', 0, '2012-08-13 04:20:59', '0000-00-00 00:00:00'),
(7355, 'http://kagroupconsulting.com/index.php/.me.uk', '', '', '', 0, '2012-08-13 04:21:04', '0000-00-00 00:00:00'),
(7356, 'http://kagroupconsulting.com/index.php/.org.ag', '', '', '', 0, '2012-08-13 04:21:19', '0000-00-00 00:00:00'),
(7357, 'http://kagroupconsulting.com/index.php/.net.br', '', '', '', 0, '2012-08-13 04:21:26', '0000-00-00 00:00:00'),
(7358, 'http://kagroupconsulting.com/index.php/.org.in', '', '', '', 0, '2012-08-13 04:21:32', '0000-00-00 00:00:00'),
(7359, 'http://kagroupconsulting.com/index.php/.com.mx', '', '', '', 0, '2012-08-13 04:21:38', '0000-00-00 00:00:00'),
(7360, 'http://kagroupconsulting.com/index.php/click.availtlds', '', '', '', 0, '2012-08-13 04:21:43', '0000-00-00 00:00:00'),
(7361, 'http://kagroupconsulting.com/index.php/.org.tw', '', '', '', 0, '2012-08-13 04:22:06', '0000-00-00 00:00:00'),
(7362, 'http://kagroupconsulting.com/index.php/.org.nz', '', '', '', 0, '2012-08-13 04:22:12', '0000-00-00 00:00:00'),
(7363, 'http://kagroupconsulting.com/index.php/.net.ag', '', '', '', 0, '2012-08-13 04:22:48', '0000-00-00 00:00:00'),
(7364, 'http://kagroupconsulting.com/index.php/.net.in', '', '', '', 0, '2012-08-13 04:22:54', '0000-00-00 00:00:00'),
(7365, 'http://kagroupconsulting.com/index.php/.nom.es', '', '', '', 0, '2012-08-13 04:23:00', '0000-00-00 00:00:00'),
(7366, 'http://kagroupconsulting.com/index.php/.co.nz', '', '', '', 0, '2012-08-13 04:23:21', '0000-00-00 00:00:00'),
(7367, 'http://kagroupconsulting.com/index.php/.com.br', '', '', '', 0, '2012-08-13 04:23:27', '0000-00-00 00:00:00'),
(7368, 'http://kagroupconsulting.com/index.php/.org.uk', '', '', '', 0, '2012-08-13 04:23:33', '0000-00-00 00:00:00'),
(7369, 'http://kagroupconsulting.com/index.php/</div></div>', '', '', '', 0, '2012-08-13 04:23:38', '0000-00-00 00:00:00'),
(7370, 'http://kagroupconsulting.com/index.php/.net.co', '', '', '', 0, '2012-08-13 04:23:44', '0000-00-00 00:00:00'),
(7371, 'http://kagroupconsulting.com/index.php/.net.nz', '', '', '', 0, '2012-08-13 04:23:50', '0000-00-00 00:00:00'),
(7372, 'http://kagroupconsulting.com/index.php/.org.es', '', '', '', 0, '2012-08-13 04:23:55', '0000-00-00 00:00:00'),
(7373, 'http://kagroupconsulting.com/index.php/.gen.in', '', '', '', 0, '2012-08-13 04:24:01', '0000-00-00 00:00:00'),
(7374, 'http://kagroupconsulting.com/index.php/+google_afd_response.feedback_url+', '', '', '', 0, '2012-08-13 04:24:07', '0000-00-00 00:00:00'),
(7375, 'http://kagroupconsulting.com/index.php/div.tldshown', '', '', '', 0, '2012-08-13 04:24:13', '0000-00-00 00:00:00'),
(7376, 'http://kagroupconsulting.com/index.php/.com.ag', '', '', '', 0, '2012-08-13 04:24:19', '0000-00-00 00:00:00'),
(7377, 'http://kagroupconsulting.com/index.php/.co.in', '', '', '', 0, '2012-08-13 04:24:32', '0000-00-00 00:00:00'),
(7378, 'http://kagroupconsulting.com/index.php/+google_ads[i].visible_url+', '', '', '', 0, '2012-08-13 04:24:38', '0000-00-00 00:00:00'),
(7379, 'http://kagroupconsulting.com/index.php/.com.tw', '', '', '', 0, '2012-08-13 04:24:44', '0000-00-00 00:00:00'),
(7380, 'http://kagroupconsulting.com/index.php/.com.co', '', '', '', 0, '2012-08-13 04:24:58', '0000-00-00 00:00:00'),
(7381, 'http://kagroupconsulting.com/index.php/.co.uk', '', '', '', 0, '2012-08-13 04:25:11', '0000-00-00 00:00:00'),
(7382, 'http://kagroupconsulting.com/index.php/.net.bz', '', '', '', 0, '2012-08-13 04:25:17', '0000-00-00 00:00:00'),
(7383, 'http://kagroupconsulting.com/index.php/.firm.in', '', '', '', 0, '2012-08-13 04:25:22', '0000-00-00 00:00:00'),
(7384, 'http://www.kagroupconsulting.com/index.php/contact/"', '', '', '', 0, '2012-08-13 04:45:24', '0000-00-00 00:00:00'),
(7385, 'http://kagroupconsulting.com/index.php/mk/--/archive/images/stories/clusters.jpg', '', '', '', 0, '2012-08-14 11:40:05', '0000-00-00 00:00:00'),
(7386, 'http://kagroupconsulting.com/index.php/mk/--/archive/images/stories/ka/top class master-small.jpg', '', '', '', 0, '2012-08-14 13:08:29', '0000-00-00 00:00:00'),
(7387, 'http://www.kagroupconsulting.com/index.php?option=com_content&view=article&id=2:newsflash-1&catid=3:newsflash&Itemid=29&lang=en', '', '', '', 0, '2012-08-14 15:45:03', '0000-00-00 00:00:00'),
(7388, 'http://kagroupconsulting.com/index.php/mk/--/archive/images/stories/ceed_diplomi_accessfinance.jpg', '', '', '', 0, '2012-08-14 16:26:35', '0000-00-00 00:00:00'),
(7389, 'http://kagroupconsulting.com/index.php/mk/--/archive/images/stories/Photki/inovacija.jpg', '', '', '', 0, '2012-08-14 17:45:32', '0000-00-00 00:00:00'),
(7390, 'http://www.kagroupconsulting.com/index.php/component/content/article/55-services/', '', '', '', 0, '2012-08-14 18:07:03', '0000-00-00 00:00:00'),
(7391, 'http://www.kagroupconsulting.com/index.php/images/stories/thumbnails/images-stories-ka-thumbs-rural-150x150.jpg', '', '', '', 0, '2012-08-16 00:34:49', '0000-00-00 00:00:00'),
(7392, 'http://www.kagroupconsulting.com/index.php?option=com_content&view=category&id=28:current-users&layout=default&Itemid=44&lang=en', '', '', '', 0, '2012-08-17 07:22:42', '0000-00-00 00:00:00'),
(7393, 'http://www.kagroupconsulting.com/index.php?view=category&id=5:free-and-open-source-software&option=com_newsfeeds&lang=mk', '', '', '', 0, '2012-08-18 17:32:23', '0000-00-00 00:00:00'),
(7394, 'http://www.kagroupconsulting.com/index.php?option=com_content&view=article&id=2:newsflash-1&catid=3:newsflash&lang=en', '', '', '', 0, '2012-08-21 01:55:25', '0000-00-00 00:00:00'),
(7395, 'http://www.kagroupconsulting.com/index.php?option=com_content&view=article&id=2:newsflash-1&catid=3:newsflash&lang=mk&Itemid=', '', '', '', 0, '2012-08-21 12:53:15', '0000-00-00 00:00:00'),
(7396, 'http://www.kagroupconsulting.com/index.php?option=com_poll&id=18:the-new-design-of-the-web-page-is-better-than-before&lang=en&Itemid=0', '', '', '', 0, '2012-08-28 21:03:02', '0000-00-00 00:00:00'),
(7397, 'http://www.kagroupconsulting.com/index.php/mk/news/images/stories/ceed_diplomi_accessfinance.jpg', '', '', '', 0, '2012-08-29 01:30:29', '0000-00-00 00:00:00'),
(7398, 'http://www.kagroupconsulting.com/index.php?view=category&id=5:free-and-open-source-software&option=com_newsfeeds&lang=mk&Itemid=0', '', '', '', 0, '2012-08-29 08:49:33', '0000-00-00 00:00:00'),
(7399, 'http://www.kagroupconsulting.com/index.php/mk/news/images/stories/ka/hydroplant.jpg', '', '', '', 0, '2012-09-06 20:44:07', '0000-00-00 00:00:00'),
(7400, 'http://www.kagroupconsulting.com/index.php/images/KA/rural.jpg', '', '', '', 0, '2012-09-07 07:59:03', '0000-00-00 00:00:00'),
(7401, 'http://www.kagroupconsulting.com/index.php/images/KA/fp7.jpg', '', '', '', 0, '2012-09-07 09:01:05', '0000-00-00 00:00:00'),
(7402, 'http://www.kagroupconsulting.com/index.php?option', '', 'http://www.kagroupconsulting.com/index.php', '', 0, '2012-09-07 15:16:21', '0000-00-00 00:00:00'),
(7403, 'http://www.kagroupconsulting.com/index.php/about-us/images/contactinformation_angl.jpg', '', '', '', 0, '2012-09-09 21:06:17', '0000-00-00 00:00:00'),
(7404, 'http://www.kagroupconsulting.com/index.php/images/contactinformation_angl.jpg', '', '', '', 0, '2012-09-09 21:16:12', '0000-00-00 00:00:00'),
(7405, 'http://www.kagroupconsulting.com/index.php/mk/--/images/stories/clusters.jpg', '', '', '', 0, '2012-09-09 23:18:53', '0000-00-00 00:00:00'),
(7406, 'http://www.kagroupconsulting.com/index.php/mk/news/images/stories/thumbnails/images-stories-ka-hydroplant-150x140.jpg', '', '', '', 0, '2012-09-13 02:33:29', '0000-00-00 00:00:00'),
(7407, 'http://www.kagroupconsulting.com/index.php?view=category&id=4:joomla&option=com_newsfeeds&Itemid=49&lang=mk', '', '', '', 0, '2012-09-13 07:28:27', '0000-00-00 00:00:00'),
(7408, 'http://www.kagroupconsulting.com/index.php/team/images/contactinformation_angl.jpg', '', '', '', 0, '2012-09-19 13:15:01', '0000-00-00 00:00:00'),
(7409, 'http://kagroupconsulting.com/index.php?option=com_content&view=article&id=52:project-management&catid=36:service-areas&Itemid=62&lang=mk', '', '', '', 0, '2012-09-19 20:24:31', '0000-00-00 00:00:00'),
(7410, 'http://www.kagroupconsulting.com/index.php?option=com_xtkjrcpywscgjjnj', '', 'http://verticalpigeon.com/', '', 0, '2012-09-20 18:29:52', '0000-00-00 00:00:00'),
(7411, 'http://www.kagroupconsulting.com/index.php?option=com_virtuemart&vmcchk=1', '', 'http://verticalpigeon.com/', '', 0, '2012-09-20 18:29:55', '0000-00-00 00:00:00'),
(7412, 'http://www.kagroupconsulting.com/index.php?option=com_xmap', '', 'http://verticalpigeon.com/', '', 0, '2012-09-20 18:29:56', '0000-00-00 00:00:00'),
(7413, 'http://www.kagroupconsulting.com/index.php?option=com_sh404sef', '', 'http://verticalpigeon.com/', '', 0, '2012-09-20 18:29:56', '0000-00-00 00:00:00'),
(7414, 'http://www.kagroupconsulting.com/index.php?option=com_tienda', '', 'http://verticalpigeon.com/', '', 0, '2012-09-20 18:29:57', '0000-00-00 00:00:00'),
(7415, 'http://www.kagroupconsulting.com/index.php?option=com_gantry', '', 'http://verticalpigeon.com/', '', 0, '2012-09-20 18:29:58', '0000-00-00 00:00:00'),
(7416, 'http://www.kagroupconsulting.com/index.php?option=com_fabrik', '', 'http://verticalpigeon.com/', '', 0, '2012-09-20 18:30:02', '0000-00-00 00:00:00'),
(7417, 'http://www.kagroupconsulting.com/index.php?option=com_forme', '', 'http://verticalpigeon.com/', '', 0, '2012-09-20 18:30:02', '0000-00-00 00:00:00'),
(7418, 'http://www.kagroupconsulting.com/index.php?option=com_docman', '', 'http://verticalpigeon.com/', '', 0, '2012-09-20 18:30:06', '0000-00-00 00:00:00'),
(7419, 'http://www.kagroupconsulting.com/index.php?option=com_eventlist', '', 'http://verticalpigeon.com/', '', 0, '2012-09-20 18:30:07', '0000-00-00 00:00:00'),
(7420, 'http://www.kagroupconsulting.com/index.php?option=com_kunena', '', 'http://verticalpigeon.com/', '', 0, '2012-09-20 18:30:08', '0000-00-00 00:00:00'),
(7421, 'http://www.kagroupconsulting.com/index.php?option=com_flexicontent', '', 'http://verticalpigeon.com/', '', 0, '2012-09-20 18:30:10', '0000-00-00 00:00:00'),
(7422, 'http://www.kagroupconsulting.com/index.php?option=com_sm2emailmarketing', '', 'http://verticalpigeon.com/', '', 0, '2012-09-20 18:30:11', '0000-00-00 00:00:00'),
(7423, 'http://www.kagroupconsulting.com/index.php?option=com_letterman', '', 'http://verticalpigeon.com/', '', 0, '2012-09-20 18:30:11', '0000-00-00 00:00:00'),
(7424, 'http://www.kagroupconsulting.com/index.php?option=com_comprofiler', '', 'http://verticalpigeon.com/', '', 0, '2012-09-20 18:30:12', '0000-00-00 00:00:00'),
(7425, 'http://www.kagroupconsulting.com/index.php?option=com_jobline', '', 'http://verticalpigeon.com/', '', 0, '2012-09-20 18:30:13', '0000-00-00 00:00:00'),
(7426, 'http://www.kagroupconsulting.com/index.php?option=com_dfcontact', '', 'http://verticalpigeon.com/', '', 0, '2012-09-20 18:30:13', '0000-00-00 00:00:00'),
(7427, 'http://www.kagroupconsulting.com/index.php?option=com_chronocontact', '', 'http://verticalpigeon.com/', '', 0, '2012-09-20 18:30:14', '0000-00-00 00:00:00'),
(7428, 'http://www.kagroupconsulting.com/index.php?option=com_joomlawatch', '', 'http://verticalpigeon.com/', '', 0, '2012-09-20 18:30:15', '0000-00-00 00:00:00'),
(7429, 'http://www.kagroupconsulting.com/index.php?option=com_k2&view=html', '', 'http://verticalpigeon.com/', '', 0, '2012-09-20 18:30:15', '0000-00-00 00:00:00'),
(7430, 'http://www.kagroupconsulting.com/index.php?option=com_fpss&task=getimages', '', 'http://verticalpigeon.com/', '', 0, '2012-09-20 18:30:17', '0000-00-00 00:00:00'),
(7431, 'http://www.kagroupconsulting.com/index.php?option=com_zoo', '', 'http://verticalpigeon.com/', '', 0, '2012-09-20 18:30:18', '0000-00-00 00:00:00'),
(7432, 'http://www.kagroupconsulting.com/index.php?option=com_securityimages&task=displaycaptcha', '', 'http://verticalpigeon.com/', '', 0, '2012-09-20 18:30:18', '0000-00-00 00:00:00'),
(7433, 'http://www.kagroupconsulting.com/index.php?option=com_apoll', '', 'http://verticalpigeon.com/', '', 0, '2012-09-20 18:30:19', '0000-00-00 00:00:00'),
(7434, 'http://www.kagroupconsulting.com/index.php?option=com_jcomments', '', 'http://verticalpigeon.com/', '', 0, '2012-09-20 18:30:20', '0000-00-00 00:00:00'),
(7435, 'http://www.kagroupconsulting.com/index.php?option=com_seyret', '', 'http://verticalpigeon.com/', '', 0, '2012-09-20 18:30:21', '0000-00-00 00:00:00'),
(7436, 'http://www.kagroupconsulting.com/index.php?option=com_joomailermailchimpintegration', '', 'http://verticalpigeon.com/', '', 0, '2012-09-20 18:30:22', '0000-00-00 00:00:00'),
(7437, 'http://www.kagroupconsulting.com/index.php?option=com_rokcandy', '', 'http://verticalpigeon.com/', '', 0, '2012-09-20 18:30:22', '0000-00-00 00:00:00'),
(7438, 'http://www.kagroupconsulting.com/index.php?option=com_qcontacts', '', 'http://verticalpigeon.com/', '', 0, '2012-09-20 18:30:23', '0000-00-00 00:00:00'),
(7439, 'http://www.kagroupconsulting.com/index.php?option=com_phocagallery', '', 'http://verticalpigeon.com/', '', 0, '2012-09-20 18:30:24', '0000-00-00 00:00:00'),
(7440, 'http://www.kagroupconsulting.com/index.php?option=com_aicontactsafe', '', 'http://verticalpigeon.com/', '', 0, '2012-09-20 18:30:25', '0000-00-00 00:00:00'),
(7441, 'http://www.kagroupconsulting.com/index.php?option=com_contact_enhanced', '', 'http://verticalpigeon.com/', '', 0, '2012-09-20 18:30:25', '0000-00-00 00:00:00'),
(7442, 'http://www.kagroupconsulting.com/index.php?option=com_nspro', '', 'http://verticalpigeon.com/', '', 0, '2012-09-20 18:30:26', '0000-00-00 00:00:00'),
(7443, 'http://www.kagroupconsulting.com/index.php?option=com_jumi', '', 'http://verticalpigeon.com/', '', 0, '2012-09-20 18:30:27', '0000-00-00 00:00:00'),
(7444, 'http://www.kagroupconsulting.com/index.php?option=com_sobi2', '', 'http://verticalpigeon.com/', '', 0, '2012-09-20 18:30:28', '0000-00-00 00:00:00'),
(7445, 'http://www.kagroupconsulting.com/index.php?option=com_oziogallery2', '', 'http://verticalpigeon.com/', '', 0, '2012-09-20 18:30:28', '0000-00-00 00:00:00'),
(7446, 'http://www.kagroupconsulting.com/index.php?option=com_jdownloads', '', 'http://verticalpigeon.com/', '', 0, '2012-09-20 18:30:29', '0000-00-00 00:00:00'),
(7447, 'http://www.kagroupconsulting.com/index.php?option=com_breezingforms', '', 'http://verticalpigeon.com/', '', 0, '2012-09-20 18:30:30', '0000-00-00 00:00:00'),
(7448, 'http://www.kagroupconsulting.com/index.php?option=com_extplorer', '', 'http://verticalpigeon.com/', '', 0, '2012-09-20 18:30:30', '0000-00-00 00:00:00'),
(7449, 'http://www.kagroupconsulting.com/index.php?option=com_jfusion', '', 'http://verticalpigeon.com/', '', 0, '2012-09-20 18:30:31', '0000-00-00 00:00:00'),
(7450, 'http://www.kagroupconsulting.com/index.php?option=com_redshop', '', 'http://verticalpigeon.com/', '', 0, '2012-09-20 18:30:31', '0000-00-00 00:00:00'),
(7451, 'http://www.kagroupconsulting.com/index.php?option=com_sef', '', 'http://verticalpigeon.com/', '', 0, '2012-09-20 18:30:33', '0000-00-00 00:00:00'),
(7452, 'http://www.kagroupconsulting.com/index.php?option=com_joomlaradiov5', '', 'http://verticalpigeon.com/', '', 0, '2012-09-20 18:30:33', '0000-00-00 00:00:00'),
(7453, 'http://www.kagroupconsulting.com/index.php?option=com_mosmedia', '', 'http://verticalpigeon.com/', '', 0, '2012-09-20 18:30:35', '0000-00-00 00:00:00'),
(7454, 'http://www.kagroupconsulting.com/index.php?option=com_cpg', '', 'http://verticalpigeon.com/', '', 0, '2012-09-20 18:30:36', '0000-00-00 00:00:00'),
(7455, 'http://www.kagroupconsulting.com/index.php?option=com_extended_registrezine', '', 'http://verticalpigeon.com/', '', 0, '2012-09-20 18:30:37', '0000-00-00 00:00:00'),
(7456, 'http://www.kagroupconsulting.com/index.php?option=com_mambelfish', '', 'http://verticalpigeon.com/', '', 0, '2012-09-20 18:30:37', '0000-00-00 00:00:00'),
(7457, 'http://www.kagroupconsulting.com/index.php?option=com_joomla_flash_upljoomlaboard', '', 'http://verticalpigeon.com/', '', 0, '2012-09-20 18:30:38', '0000-00-00 00:00:00'),
(7458, 'http://www.kagroupconsulting.com/index.php?option=com_jvideo', '', 'http://verticalpigeon.com/', '', 0, '2012-09-20 18:30:39', '0000-00-00 00:00:00'),
(7459, 'http://www.kagroupconsulting.com/index.php?option=com_bsadv', '', 'http://verticalpigeon.com/', '', 0, '2012-09-20 18:30:39', '0000-00-00 00:00:00'),
(7460, 'http://www.kagroupconsulting.com/index.php?option=com_sponsorwall', '', 'http://verticalpigeon.com/', '', 0, '2012-09-20 18:30:40', '0000-00-00 00:00:00'),
(7461, 'http://www.kagroupconsulting.com/index.php?option=com_directory', '', 'http://verticalpigeon.com/', '', 0, '2012-09-20 18:30:41', '0000-00-00 00:00:00'),
(7462, 'http://www.kagroupconsulting.com/index.php?option=com_calcbuilder', '', 'http://verticalpigeon.com/', '', 0, '2012-09-20 18:30:42', '0000-00-00 00:00:00'),
(7463, 'http://www.kagroupconsulting.com/index.php?option=com_jcs', '', 'http://verticalpigeon.com/', '', 0, '2012-09-20 18:30:42', '0000-00-00 00:00:00'),
(7464, 'http://www.kagroupconsulting.com/index.php?option=com_zoom', '', 'http://verticalpigeon.com/', '', 0, '2012-09-20 18:30:43', '0000-00-00 00:00:00'),
(7465, 'http://www.kagroupconsulting.com/index.php?option=com_serverstat', '', 'http://verticalpigeon.com/', '', 0, '2012-09-20 18:30:44', '0000-00-00 00:00:00'),
(7466, 'http://www.kagroupconsulting.com/index.php?option=com_jquarks4s', '', 'http://verticalpigeon.com/', '', 0, '2012-09-20 18:30:44', '0000-00-00 00:00:00'),
(7467, 'http://www.kagroupconsulting.com/index.php?option=com_xcloner-backupandrestore', '', 'http://verticalpigeon.com/', '', 0, '2012-09-20 18:30:45', '0000-00-00 00:00:00'),
(7468, 'http://www.kagroupconsulting.com/index.php?option=com_tsonymf', '', 'http://verticalpigeon.com/', '', 0, '2012-09-20 18:30:46', '0000-00-00 00:00:00'),
(7469, 'http://www.kagroupconsulting.com/index.php?option=com_artforms', '', 'http://verticalpigeon.com/', '', 0, '2012-09-20 18:30:46', '0000-00-00 00:00:00'),
(7470, 'http://www.kagroupconsulting.com/index.php?option=com_neoreferences', '', 'http://verticalpigeon.com/', '', 0, '2012-09-20 18:30:47', '0000-00-00 00:00:00'),
(7471, 'http://www.kagroupconsulting.com/index.php?option=com_joomlalib', '', 'http://verticalpigeon.com/', '', 0, '2012-09-20 18:30:48', '0000-00-00 00:00:00'),
(7472, 'http://www.kagroupconsulting.com/index.php?option=com_philaform', '', 'http://verticalpigeon.com/', '', 0, '2012-09-20 18:30:49', '0000-00-00 00:00:00'),
(7473, 'http://www.kagroupconsulting.com/index.php?option=com_question', '', 'http://verticalpigeon.com/', '', 0, '2012-09-20 18:30:49', '0000-00-00 00:00:00'),
(7474, 'http://www.kagroupconsulting.com/index.php?option=com_linkdirectory', '', 'http://verticalpigeon.com/', '', 0, '2012-09-20 18:30:50', '0000-00-00 00:00:00'),
(7475, 'http://www.kagroupconsulting.com/index.php?option=com_quiz', '', 'http://verticalpigeon.com/', '', 0, '2012-09-20 18:30:51', '0000-00-00 00:00:00'),
(7476, 'http://www.kagroupconsulting.com/index.php?option=com_jpack', '', 'http://verticalpigeon.com/', '', 0, '2012-09-20 18:30:52', '0000-00-00 00:00:00'),
(7477, 'http://www.kagroupconsulting.com/index.php?option=com_jmsfileseller', '', 'http://verticalpigeon.com/', '', 0, '2012-09-20 18:30:52', '0000-00-00 00:00:00'),
(7478, 'http://www.kagroupconsulting.com/index.php?option=com_bayesiannaivefilcalendar', '', 'http://verticalpigeon.com/', '', 0, '2012-09-20 18:30:53', '0000-00-00 00:00:00'),
(7479, 'http://www.kagroupconsulting.com/index.php?option=com_rsfiles', '', 'http://verticalpigeon.com/', '', 0, '2012-09-20 18:30:54', '0000-00-00 00:00:00'),
(7480, 'http://www.kagroupconsulting.com/index.php?option=com_thopper', '', 'http://verticalpigeon.com/', '', 0, '2012-09-20 18:30:54', '0000-00-00 00:00:00'),
(7481, 'http://www.kagroupconsulting.com/index.php?option=com_smf', '', 'http://verticalpigeon.com/', '', 0, '2012-09-20 18:30:55', '0000-00-00 00:00:00'),
(7482, 'http://www.kagroupconsulting.com/index.php?option=com_flipwall', '', 'http://verticalpigeon.com/', '', 0, '2012-09-20 18:30:56', '0000-00-00 00:00:00'),
(7483, 'http://www.kagroupconsulting.com/index.php?option=com_multibanners', '', 'http://verticalpigeon.com/', '', 0, '2012-09-20 18:30:57', '0000-00-00 00:00:00'),
(7484, 'http://www.kagroupconsulting.com/index.php?option=com_galeria', '', 'http://verticalpigeon.com/', '', 0, '2012-09-20 18:30:58', '0000-00-00 00:00:00'),
(7485, 'http://www.kagroupconsulting.com/index.php?option=com_neogallery', '', 'http://verticalpigeon.com/', '', 0, '2012-09-20 18:30:58', '0000-00-00 00:00:00'),
(7486, 'http://www.kagroupconsulting.com/index.php?option=com_phpshop', '', 'http://verticalpigeon.com/', '', 0, '2012-09-20 18:30:59', '0000-00-00 00:00:00'),
(7487, 'http://www.kagroupconsulting.com/index.php?option=com_rsgallery', '', 'http://verticalpigeon.com/', '', 0, '2012-09-20 18:31:00', '0000-00-00 00:00:00'),
(7488, 'http://www.kagroupconsulting.com/index.php?option=com_loudmounth', '', 'http://verticalpigeon.com/', '', 0, '2012-09-20 18:31:00', '0000-00-00 00:00:00'),
(7489, 'http://www.kagroupconsulting.com/index.php?option=com_admin', '', 'http://verticalpigeon.com/', '', 0, '2012-09-20 18:31:01', '0000-00-00 00:00:00'),
(7490, 'http://www.kagroupconsulting.com/index.php?option=com_mtree', '', 'http://verticalpigeon.com/', '', 0, '2012-09-20 18:31:02', '0000-00-00 00:00:00'),
(7491, 'http://www.kagroupconsulting.com/index.php?option=com_colophon', '', 'http://verticalpigeon.com/', '', 0, '2012-09-20 18:31:02', '0000-00-00 00:00:00'),
(7492, 'http://www.kagroupconsulting.com/index.php?option=com_remository', '', 'http://verticalpigeon.com/', '', 0, '2012-09-20 18:31:03', '0000-00-00 00:00:00'),
(7493, 'http://www.kagroupconsulting.com/index.php?option=com_simpleboard', '', 'http://verticalpigeon.com/', '', 0, '2012-09-20 18:31:04', '0000-00-00 00:00:00'),
(7494, 'http://www.kagroupconsulting.com/index.php?option=com_mdigg', '', 'http://verticalpigeon.com/', '', 0, '2012-09-20 18:31:05', '0000-00-00 00:00:00'),
(7495, 'http://www.kagroupconsulting.com/index.php?option=com_contushdvideoshare', '', 'http://verticalpigeon.com/', '', 0, '2012-09-20 18:31:06', '0000-00-00 00:00:00'),
(7496, 'http://www.kagroupconsulting.com/index.php?option=com_joomnik', '', 'http://verticalpigeon.com/', '', 0, '2012-09-20 18:31:06', '0000-00-00 00:00:00'),
(7497, 'http://www.kagroupconsulting.com/index.php?option=com_matrimony', '', 'http://verticalpigeon.com/', '', 0, '2012-09-20 18:31:07', '0000-00-00 00:00:00'),
(7498, 'http://www.kagroupconsulting.com/index.php?option=com_alameda', '', 'http://verticalpigeon.com/', '', 0, '2012-09-20 18:31:08', '0000-00-00 00:00:00'),
(7499, 'http://www.kagroupconsulting.com/index.php?option=com_autostand', '', 'http://verticalpigeon.com/', '', 0, '2012-09-20 18:31:09', '0000-00-00 00:00:00'),
(7500, 'http://www.kagroupconsulting.com/index.php?option=com_kochsuite', '', 'http://verticalpigeon.com/', '', 0, '2012-09-20 18:31:09', '0000-00-00 00:00:00'),
(7501, 'http://www.kagroupconsulting.com/index.php?option=com_pcchess', '', 'http://verticalpigeon.com/', '', 0, '2012-09-20 18:31:10', '0000-00-00 00:00:00'),
(7502, 'http://www.kagroupconsulting.com/index.php?option=com_color', '', 'http://verticalpigeon.com/', '', 0, '2012-09-20 18:31:11', '0000-00-00 00:00:00'),
(7503, 'http://www.kagroupconsulting.com/index.php?option=com_jimtawl', '', 'http://verticalpigeon.com/', '', 0, '2012-09-20 18:31:11', '0000-00-00 00:00:00'),
(7504, 'http://www.kagroupconsulting.com/index.php?option=com_jjgallery', '', 'http://verticalpigeon.com/', '', 0, '2012-09-20 18:31:12', '0000-00-00 00:00:00'),
(7505, 'http://www.kagroupconsulting.com/index.php?option=com_jombib', '', 'http://verticalpigeon.com/', '', 0, '2012-09-20 18:31:12', '0000-00-00 00:00:00'),
(7506, 'http://www.kagroupconsulting.com/index.php?option=com_easybook', '', 'http://verticalpigeon.com/', '', 0, '2012-09-20 18:31:13', '0000-00-00 00:00:00'),
(7507, 'http://www.kagroupconsulting.com/index.php?option=com_joomtouch', '', 'http://verticalpigeon.com/', '', 0, '2012-09-20 18:31:14', '0000-00-00 00:00:00'),
(7508, 'http://www.kagroupconsulting.com/index.php?option=com_joomlaflashfun', '', 'http://verticalpigeon.com/', '', 0, '2012-09-20 18:31:14', '0000-00-00 00:00:00'),
(7509, 'http://www.kagroupconsulting.com/index.php?option=com_artlinks', '', 'http://verticalpigeon.com/', '', 0, '2012-09-20 18:31:15', '0000-00-00 00:00:00'),
(7510, 'http://www.kagroupconsulting.com/index.php?option=com_facileforms', '', 'http://verticalpigeon.com/', '', 0, '2012-09-20 18:31:16', '0000-00-00 00:00:00'),
(7511, 'http://www.kagroupconsulting.com/index.php?option=com_versioning', '', 'http://verticalpigeon.com/', '', 0, '2012-09-20 18:31:16', '0000-00-00 00:00:00'),
(7512, 'http://www.kagroupconsulting.com/index.php?option=com_caproductprices', '', 'http://verticalpigeon.com/', '', 0, '2012-09-20 18:31:17', '0000-00-00 00:00:00'),
(7513, 'http://www.kagroupconsulting.com/index.php?option=com_jfuploader', '', 'http://verticalpigeon.com/', '', 0, '2012-09-20 18:31:18', '0000-00-00 00:00:00'),
(7514, 'http://www.kagroupconsulting.com/index.php?option=com_resman', '', 'http://verticalpigeon.com/', '', 0, '2012-09-20 18:31:18', '0000-00-00 00:00:00'),
(7515, 'http://www.kagroupconsulting.com/index.php?option=com_performs', '', 'http://verticalpigeon.com/', '', 0, '2012-09-20 18:31:19', '0000-00-00 00:00:00'),
(7516, 'http://www.kagroupconsulting.com/index.php?option=com_obsuggest', '', 'http://verticalpigeon.com/', '', 0, '2012-09-20 18:31:20', '0000-00-00 00:00:00'),
(7517, 'http://www.kagroupconsulting.com/index.php?option=com_hashcash', '', 'http://verticalpigeon.com/', '', 0, '2012-09-20 18:31:21', '0000-00-00 00:00:00'),
(7518, 'http://www.kagroupconsulting.com/index.php?option=com_babackup', '', 'http://verticalpigeon.com/', '', 0, '2012-09-20 18:31:22', '0000-00-00 00:00:00'),
(7519, 'http://www.kagroupconsulting.com/index.php?option=com_juser', '', 'http://verticalpigeon.com/', '', 0, '2012-09-20 18:31:23', '0000-00-00 00:00:00'),
(7520, 'http://www.kagroupconsulting.com/index.php?option=com_lurm_constructormambatstaff', '', 'http://verticalpigeon.com/', '', 0, '2012-09-20 18:31:23', '0000-00-00 00:00:00'),
(7521, 'http://www.kagroupconsulting.com/index.php?option=com_mmp', '', 'http://verticalpigeon.com/', '', 0, '2012-09-20 18:31:24', '0000-00-00 00:00:00'),
(7522, 'http://www.kagroupconsulting.com/index.php?option=com_nfn_addressbook', '', 'http://verticalpigeon.com/', '', 0, '2012-09-20 18:31:25', '0000-00-00 00:00:00'),
(7523, 'http://www.kagroupconsulting.com/index.php?option=com_ebackup', '', 'http://verticalpigeon.com/', '', 0, '2012-09-20 18:31:25', '0000-00-00 00:00:00'),
(7524, 'http://www.kagroupconsulting.com/index.php?option=com_team', '', 'http://verticalpigeon.com/', '', 0, '2012-09-20 18:31:26', '0000-00-00 00:00:00'),
(7525, 'http://www.kagroupconsulting.com/index.php?option=com_slideshow', '', 'http://verticalpigeon.com/', '', 0, '2012-09-20 18:31:27', '0000-00-00 00:00:00'),
(7526, 'http://www.kagroupconsulting.com/index.php?option=com_connect', '', 'http://verticalpigeon.com/', '', 0, '2012-09-20 18:31:27', '0000-00-00 00:00:00'),
(7527, 'http://www.kagroupconsulting.com/index.php?option=com_jd-wiki', '', 'http://verticalpigeon.com/', '', 0, '2012-09-20 18:31:28', '0000-00-00 00:00:00'),
(7528, 'http://www.kagroupconsulting.com/index.php?option=com_joom12pic', '', 'http://verticalpigeon.com/', '', 0, '2012-09-20 18:31:29', '0000-00-00 00:00:00'),
(7529, 'http://www.kagroupconsulting.com/index.php?option=com_agora', '', 'http://verticalpigeon.com/', '', 0, '2012-09-20 18:31:29', '0000-00-00 00:00:00'),
(7530, 'http://www.kagroupconsulting.com/index.php?option=com_doc', '', 'http://verticalpigeon.com/', '', 0, '2012-09-20 18:31:30', '0000-00-00 00:00:00'),
(7531, 'http://www.kagroupconsulting.com/index.php?option=com_quran', '', 'http://verticalpigeon.com/', '', 0, '2012-09-20 18:31:31', '0000-00-00 00:00:00'),
(7532, 'http://www.kagroupconsulting.com/index.php?option=com_rsgallery2', '', 'http://verticalpigeon.com/', '', 0, '2012-09-20 18:31:31', '0000-00-00 00:00:00'),
(7533, 'http://www.kagroupconsulting.com/index.php?option=com_cropimage', '', 'http://verticalpigeon.com/', '', 0, '2012-09-20 18:31:32', '0000-00-00 00:00:00'),
(7534, 'http://www.kagroupconsulting.com/index.php?option=com_neorecruit', '', 'http://verticalpigeon.com/', '', 0, '2012-09-20 18:31:33', '0000-00-00 00:00:00'),
(7535, 'http://www.kagroupconsulting.com/index.php?option=com_nicetalk', '', 'http://verticalpigeon.com/', '', 0, '2012-09-20 18:31:33', '0000-00-00 00:00:00'),
(7536, 'http://www.kagroupconsulting.com/index.php?option=com_pccookbook', '', 'http://verticalpigeon.com/', '', 0, '2012-09-20 18:31:34', '0000-00-00 00:00:00'),
(7537, 'http://www.kagroupconsulting.com/index.php?option=com_forum', '', 'http://verticalpigeon.com/', '', 0, '2012-09-20 18:31:35', '0000-00-00 00:00:00'),
(7538, 'http://www.kagroupconsulting.com/index.php?option=com_ccinvoices', '', 'http://verticalpigeon.com/', '', 0, '2012-09-20 18:31:36', '0000-00-00 00:00:00'),
(7539, 'http://www.kagroupconsulting.com/index.php?option=com_extcalendar', '', 'http://verticalpigeon.com/', '', 0, '2012-09-20 18:31:36', '0000-00-00 00:00:00'),
(7540, 'http://www.kagroupconsulting.com/index.php?option=com_discussions', '', 'http://verticalpigeon.com/', '', 0, '2012-09-20 18:31:37', '0000-00-00 00:00:00'),
(7541, 'http://www.kagroupconsulting.com/index.php?option=com_clasifier', '', 'http://verticalpigeon.com/', '', 0, '2012-09-20 18:31:38', '0000-00-00 00:00:00'),
(7542, 'http://www.kagroupconsulting.com/index.php?option=com_peoplebook', '', 'http://verticalpigeon.com/', '', 0, '2012-09-20 18:31:39', '0000-00-00 00:00:00'),
(7543, 'http://www.kagroupconsulting.com/index.php?option=com_minibb', '', 'http://verticalpigeon.com/', '', 0, '2012-09-20 18:31:39', '0000-00-00 00:00:00'),
(7544, 'http://www.kagroupconsulting.com/index.php?option=com_swmenupro', '', 'http://verticalpigeon.com/', '', 0, '2012-09-20 18:31:40', '0000-00-00 00:00:00'),
(7545, 'http://www.kagroupconsulting.com/index.php?option=com_hello', '', 'http://verticalpigeon.com/', '', 0, '2012-09-20 18:31:41', '0000-00-00 00:00:00'),
(7546, 'http://www.kagroupconsulting.com/index.php?option=com_astatspro', '', 'http://verticalpigeon.com/', '', 0, '2012-09-20 18:31:41', '0000-00-00 00:00:00'),
(7547, 'http://www.kagroupconsulting.com/index.php?option=com_rapidrecipe', '', 'http://verticalpigeon.com/', '', 0, '2012-09-20 18:31:42', '0000-00-00 00:00:00'),
(7548, 'http://www.kagroupconsulting.com/index.php?option=com_wmtgallery', '', 'http://verticalpigeon.com/', '', 0, '2012-09-20 18:31:43', '0000-00-00 00:00:00'),
(7549, 'http://www.kagroupconsulting.com/index.php?option=com_pollxt', '', 'http://verticalpigeon.com/', '', 0, '2012-09-20 18:31:43', '0000-00-00 00:00:00'),
(7550, 'http://www.kagroupconsulting.com/index.php?option=com_xfaq', '', 'http://verticalpigeon.com/', '', 0, '2012-09-20 18:31:44', '0000-00-00 00:00:00'),
(7551, 'http://www.kagroupconsulting.com/index.php?option=com_uhp', '', 'http://verticalpigeon.com/', '', 0, '2012-09-20 18:31:45', '0000-00-00 00:00:00'),
(7552, 'http://www.kagroupconsulting.com/index.php?option=com_rwcards', '', 'http://verticalpigeon.com/', '', 0, '2012-09-20 18:31:45', '0000-00-00 00:00:00'),
(7553, 'http://www.kagroupconsulting.com/index.php?option=com_jooget', '', 'http://verticalpigeon.com/', '', 0, '2012-09-20 18:31:46', '0000-00-00 00:00:00'),
(7554, 'http://www.kagroupconsulting.com/index.php?option=com_sitemap', '', 'http://verticalpigeon.com/', '', 0, '2012-09-20 18:31:47', '0000-00-00 00:00:00'),
(7555, 'http://www.kagroupconsulting.com/index.php?option=com_dcnews', '', 'http://verticalpigeon.com/', '', 0, '2012-09-20 18:31:47', '0000-00-00 00:00:00'),
(7556, 'http://www.kagroupconsulting.com/index.php?option=com_mcquiz', '', 'http://verticalpigeon.com/', '', 0, '2012-09-20 18:31:48', '0000-00-00 00:00:00'),
(7557, 'http://www.kagroupconsulting.com/index.php?option=com_mp3_allopass', '', 'http://verticalpigeon.com/', '', 0, '2012-09-20 18:31:49', '0000-00-00 00:00:00'),
(7558, 'http://www.kagroupconsulting.com/index.php?option=com_jeajaxeventcalendar', '', 'http://verticalpigeon.com/', '', 0, '2012-09-20 18:31:50', '0000-00-00 00:00:00'),
(7559, 'http://www.kagroupconsulting.com/index.php?option=com_videodb', '', 'http://verticalpigeon.com/', '', 0, '2012-09-20 18:31:50', '0000-00-00 00:00:00'),
(7560, 'http://www.kagroupconsulting.com/index.php?option=com_dshop', '', 'http://verticalpigeon.com/', '', 0, '2012-09-20 18:31:51', '0000-00-00 00:00:00'),
(7561, 'http://www.kagroupconsulting.com/index.php?option=com_jobprofile', '', 'http://verticalpigeon.com/', '', 0, '2012-09-20 18:31:52', '0000-00-00 00:00:00'),
(7562, 'http://www.kagroupconsulting.com/index.php?option=com_mambowiki', '', 'http://verticalpigeon.com/', '', 0, '2012-09-20 18:31:52', '0000-00-00 00:00:00'),
(7563, 'http://www.kagroupconsulting.com/index.php?option=com_rsappt_pro2', '', 'http://verticalpigeon.com/', '', 0, '2012-09-20 18:31:53', '0000-00-00 00:00:00'),
(7564, 'http://www.kagroupconsulting.com/index.php?option=com_htmlarea3_xtd-c', '', 'http://verticalpigeon.com/', '', 0, '2012-09-20 18:31:54', '0000-00-00 00:00:00'),
(7565, 'http://www.kagroupconsulting.com/index.php?option=com_news', '', 'http://verticalpigeon.com/', '', 0, '2012-09-20 18:31:54', '0000-00-00 00:00:00'),
(7566, 'http://www.kagroupconsulting.com/index.php?option=com_ponygallery', '', 'http://verticalpigeon.com/', '', 0, '2012-09-20 18:31:55', '0000-00-00 00:00:00'),
(7567, 'http://www.kagroupconsulting.com/index.php?option=com_articles', '', 'http://verticalpigeon.com/', '', 0, '2012-09-20 18:31:56', '0000-00-00 00:00:00'),
(7568, 'http://www.kagroupconsulting.com/index.php?option=com_lmo', '', 'http://verticalpigeon.com/', '', 0, '2012-09-20 18:31:57', '0000-00-00 00:00:00'),
(7569, 'http://www.kagroupconsulting.com/index.php?option=com_restaurante', '', 'http://verticalpigeon.com/', '', 0, '2012-09-20 18:31:57', '0000-00-00 00:00:00'),
(7570, 'http://www.kagroupconsulting.com/index.php?option=com_jim', '', 'http://verticalpigeon.com/', '', 0, '2012-09-20 18:31:58', '0000-00-00 00:00:00'),
(7571, 'http://www.kagroupconsulting.com/index.php?option=com_mgm', '', 'http://verticalpigeon.com/', '', 0, '2012-09-20 18:31:59', '0000-00-00 00:00:00'),
(7572, 'http://www.kagroupconsulting.com/index.php?option=com_agoragroup', '', 'http://verticalpigeon.com/', '', 0, '2012-09-20 18:31:59', '0000-00-00 00:00:00'),
(7573, 'http://www.kagroupconsulting.com/index.php?option=com_webring', '', 'http://verticalpigeon.com/', '', 0, '2012-09-20 18:32:00', '0000-00-00 00:00:00'),
(7574, 'http://www.kagroupconsulting.com/index.php?option=com_mospray', '', 'http://verticalpigeon.com/', '', 0, '2012-09-20 18:32:01', '0000-00-00 00:00:00'),
(7575, 'http://www.kagroupconsulting.com/index.php?option=com_fireboard', '', 'http://verticalpigeon.com/', '', 0, '2012-09-20 18:32:04', '0000-00-00 00:00:00'),
(7576, 'http://www.kagroupconsulting.com/index.php?option=com_panoramic', '', 'http://verticalpigeon.com/', '', 0, '2012-09-20 18:32:05', '0000-00-00 00:00:00'),
(7577, 'http://www.kagroupconsulting.com/index.php?option=com_hmcommunity', '', 'http://verticalpigeon.com/', '', 0, '2012-09-20 18:32:06', '0000-00-00 00:00:00'),
(7578, 'http://www.kagroupconsulting.com/index.php?option=com_gmaps', '', 'http://verticalpigeon.com/', '', 0, '2012-09-20 18:32:07', '0000-00-00 00:00:00'),
(7579, 'http://www.kagroupconsulting.com/index.php?option=com_mediaslide', '', 'http://verticalpigeon.com/', '', 0, '2012-09-20 18:32:07', '0000-00-00 00:00:00'),
(7580, 'http://www.kagroupconsulting.com/index.php?option=com_ynews', '', 'http://verticalpigeon.com/', '', 0, '2012-09-20 18:32:08', '0000-00-00 00:00:00'),
(7581, 'http://www.kagroupconsulting.com/index.php?option=com_flyspray', '', 'http://verticalpigeon.com/', '', 0, '2012-09-20 18:32:09', '0000-00-00 00:00:00'),
(7582, 'http://www.kagroupconsulting.com/index.php?option=com_jscalendar', '', 'http://verticalpigeon.com/', '', 0, '2012-09-20 18:32:10', '0000-00-00 00:00:00'),
(7583, 'http://www.kagroupconsulting.com/index.php?option=com_paxxgallery', '', 'http://verticalpigeon.com/', '', 0, '2012-09-20 18:32:10', '0000-00-00 00:00:00'),
(7584, 'http://www.kagroupconsulting.com/index.php?option=com_puarcade', '', 'http://verticalpigeon.com/', '', 0, '2012-09-20 18:32:11', '0000-00-00 00:00:00'),
(7585, 'http://www.kagroupconsulting.com/index.php?option=com_galleria', '', 'http://verticalpigeon.com/', '', 0, '2012-09-20 18:32:12', '0000-00-00 00:00:00'),
(7586, 'http://www.kagroupconsulting.com/index.php?option=com_timereturns', '', 'http://verticalpigeon.com/', '', 0, '2012-09-20 18:32:13', '0000-00-00 00:00:00'),
(7587, 'http://www.kagroupconsulting.com/index.php?option=com_noticias', '', 'http://verticalpigeon.com/', '', 0, '2012-09-20 18:32:14', '0000-00-00 00:00:00'),
(7588, 'http://www.kagroupconsulting.com/index.php?option=com_reporter', '', 'http://verticalpigeon.com/', '', 0, '2012-09-20 18:32:14', '0000-00-00 00:00:00'),
(7589, 'http://www.kagroupconsulting.com/index.php?option=com_booklibrary', '', 'http://verticalpigeon.com/', '', 0, '2012-09-20 18:32:15', '0000-00-00 00:00:00'),
(7590, 'http://www.kagroupconsulting.com/index.php?option=com_a6mambohelpdesk', '', 'http://verticalpigeon.com/', '', 0, '2012-09-20 18:32:16', '0000-00-00 00:00:00');

-- --------------------------------------------------------

--
-- Table structure for table`jos_schemas`
--

CREATE TABLE `jos_schemas` (
  `extension_id` int(11) NOT NULL,
  `version_id` varchar(20) NOT NULL,
  PRIMARY KEY (`extension_id`,`version_id`)
) ENGINE=MyISAM DEFAULT CHARSET=utf8;

--
-- Dumping data for table 'jos_schemas'
--

INSERT INTO `jos_schemas` VALUES
(700, '2.5.4-2012-03-19'),
(10021, '3.5.0-2012-03-27'),
(10041, '0.0.1'),
(10042, '1.0.0');

-- --------------------------------------------------------

--
-- Table structure for table`jos_session`
--

CREATE TABLE `jos_session` (
  `session_id` varchar(200) NOT NULL DEFAULT '',
  `client_id` tinyint(3) unsigned NOT NULL DEFAULT '0',
  `guest` tinyint(4) unsigned DEFAULT '1',
  `time` varchar(14) DEFAULT '',
  `data` mediumtext,
  `userid` int(11) DEFAULT '0',
  `username` varchar(150) DEFAULT '',
  `usertype` varchar(50) DEFAULT '',
  PRIMARY KEY (`session_id`),
  KEY `whosonline` (`guest`,`usertype`),
  KEY `userid` (`userid`),
  KEY `time` (`time`)
) ENGINE=MyISAM DEFAULT CHARSET=utf8;

--
-- Dumping data for table 'jos_session'
--

INSERT INTO `jos_session` VALUES
('7a6c7c2180a22d455f224dce10869757', 0, 1, '1348486612', '0ZNLwPXrvozlwB0w3bYvz_f7fFkk68UoKAchlunSFewg0rseXrXKRHnkHTgC_g7tjpy1de7ohgCAdkWAxOycpzxtZuQBjuVzRaBQBqVZ3kqUIIghdUe_yXQhHDxbDEfwowYqat87pLLuau1V0JvcsSGw4HgXdt1vyyrbUmz3q1BEr29gqS9R2F348bg1GkMSqE7KfMhz4UOxOIf2CMQIYlgQsiQVsgIeEwwh0detaopQowRVVfsSKu-v7MhzfGgyFbg7yb2__CGY96y9Ymvv7BeX-Afs_qxARqOg9SAiVJvkjywN7h2soxW3USRIFQoKqrJBz6yIbdJBQR2yXkeaT16iIhZmDkq73PyvWyuv5SWtalinjnPylUhmf3CKLBf9xMBgtu9KpJRxLkBtnNdFAl4hnfvWPkgpe9j5xn0PORvTxwu60xSScPPhGO2iUBoaPhRoYJL4pQDeEoXmKfOTZH6XaKm8hKnAcO_ZzvJChKzhZMHicNVG4BMaFm1KfwHcZdU-rjD-kzqmwyEDLSBfrJim2hs3s8n9iopoDMgHXC5vTJjzA828mFoOiQjhIugYCP7CnjEbILiAsKeXu5AgfGr5cFsRtelo4d7JGGeNLAG55sDWz64t5UAB0DSO6rVBwhaErgomri9W3qTz-1jpED8IZMqCNIxqaQcFlMXd0oXipV8KPxD5dSejboeUM4iD36AkwCU7kT9bSjOfJnAdV10cAHkgHscNSERymyx-aiUp40OSn_DiWZLiAEJHs5SEnx2sZNlG5Al1bS9OzG6W8lBgWXr3kMBnImdUFpG1PSIMlcWRjdx5UOasTeXTmtxNpSmqWasDC4nCjm4PZO_URp6qZwfIh1BDa5Q0LG257mhJb6a3gJOgmAAC5FN4p2yaZeEIeYFUwjp-XYStHnV3NOiXvkiS_eaGceGwPMC8Ma8QEX2_La_pS4zEUS-Tbu6Vg2rNLIGpHJ5rRLKgK8lZ9_HY9bNiMiaqKzDykeyV2BnRQMDshQAm8VcIxqR9K6EGXjZr9EifRAJMgMnpersmeVHUNXykqyrhoO15sShsrc4NF_rvypOnqVDzfYyDbVkEV1WMt3i6FXkZ1byotAOqO2L8Vex5HPw9Tq2dx9s78vxgFdIh1ED28gjs3m8jbmfoomZpziHB-6B3JivejrqxIAiFQRGmdQcNkHR5-LpwOMCEoKZYLajeaugpx1GjCux_HLxl2lhg-c66UQjkRr6v3GnAao-z00m2Ulr1VphiYCAABRDiRB3vhkw2bYx67wFQRiEMQJFSzTEhngrOLVN0M35E9TN4THKNsTa3ucNkmBGTO-laQfUhV_eOZZDgjfM31uvvVtssN4wFmyacKf15DTEmbWUZQEou1lDkl1xHQfa8hn4aLzHLkR9ywqowZ0S9C8nPnkBoHgJMM_yG-xX2gN8Gqha_B6M--rVpMRzD8xu-CT_wfm6lMKurS1fccWFf', 0, '', ''),
('b9c6f427a290bd5cd142896ad5aab8b3', 0, 1, '1348486783', 'PKT7tYx3YVJC65x4Gpy8LsxNmBTCO5v9dTogGrpzQN43_dqPkTGertJoDk4hr373Y3GtvMazbS5jhIjLLINUqO75qiZKY8GS0iCGcIjMvGQWJfm-jE_T7zwuBoQaM6e6s4kTFENHAFXrO8gLvorXMhSB3X0FIfIraprzThjuFTKHR-LbIrz26lp7qPpR-XfgLYHkm3sAHqIqlKoPZapH1PequfNAUKwMNTIql4zBu5tFH6I-XRvsIIunC13hdda1wmOh2TlzUAJzMqW146hV2Mil0o3K_ZTbJmVQR7ROIFNfFK_cw9pnpYU6XcVJrUrj_3MPDyDgEzdeM8ko0ycugjWQu8I2kN0HXmufYHxwTh9mGYo62HjaMHRrkYR1bFN8SoYoHhvrscqxIbNVx7Fp_V-AoRuQQIhP93-A0mFkw5CnJTuECSmJ8VpUWBvBV-sDwxQcLdeL9Oyph_NtEqYRkZLaCt5_lJYzU47xxmSv6JPPtETi_SvjekBrwmfwvBn3heeFJhNyr_2KaXC8ouPoNoU4axGREN6GKMhd6IWNP46TMxI21h6cKCeRaKJsNeWlr-uVQYd-wQThyFBr8XLCV0EXBKZTZxqGbWlva5OtBDgE9dBg55xVLgezY8AakFNINx7YnZBVHbyd9lCvf-_d1bajPWhtt3YFoeAib_L4VuTayVVku40bD55jZ5M8jV6--tOlYlssnDUfmkHmy-dYzWxx1D1v0v_-n-zp7Ah6JZTDjwoZT6tJAgIwyUq_rQ4D8LkjDCR4VDOrUgwkhhbMN9lqaFJSclrx1M_IqcN6LBWvKxr6M4nqXVDTfRSeJaPDGSixCyutpSlME13Geot8H0mnKEbSDPu2osVsG0oDUNHXXB7YOUmNc8JKY4L-Jfzley-87rKtFdkcm6qyWpKIsLm0Je1MpYx5EmbjcfURtMOaux7F2xjsiR9HgA0UvbaWdSXSSiJN5CaofOlCzMYZbo82tk-S0N00VxzOzcGxeAvjgS-ShEWlgKkEKeaVOOASMWF97OqzaiGJyof9ZJBzPx8Brj8DjvvFZIiClgPHcP2TYSOuMegMcd0Ausz8Ql9FdFgq7UMOfXk4Q5uDigG8HEQBZlzTIipllzlOOJ54l7Ix6oyIOXtYuxV3CMjAFd7ayUPiE6Rvb6rlpMhv8XT-E0ynwDa2SDlh2aobZ8vnR2Uk3PDNA1wT03FwJgbqisXD', 0, '', ''),
('82aa411034468dbdf5157488434665dd', 1, 0, '1348487254', 'z2HY-jmgH5fW9OYOVga0l1-rcUirQA8tGP4Z9GrreeGtg3yAdxVaLUBAWLSs_BYNcYskZgAfHEZLuWUeWFl2v2BuZ9WLlYyMeVWS0qyJ5IEIMgs6uK32VHOd5xjocwzRqGmjip1Xmr1BeqmZHWWyW18_myd5ijBGlP72ucIOH2T8_T2oBf8nNUB_TnyevuPkZtZsDyJqm88b0iEvAWobrPNZq1rmr1uDPezXUOfwZnTjvhut1Z0WM9DmoPzX-XUsAbsWr9BSzR1cWF-OYSbi9Fx-CBOfi-h504I-MDLmOZF7qnrMzWIsXGv4G1ycuq1BczuWIktaQoCIRuCZ373VhffJdrY_xr1GUMVilhlc8x_eQ7vO69dy1q69h8Id_egkQEfh6auKNk2mVUg6dm-zKZgjb9rGrqaRRI2cKearrA3WCa7ser56yoh3MAXcpsP4ekCVnEmHbhQIwu78JxvJU4Pc78gy5wXmzzHsR8O2cMn7FTiYWLNR52hguUzEdCRQawIYEE1pL38oesfaHUsitNLPiynYWDx5thBFiOb6fMy6WlSOmRlad5xhGOUdj43WVAtMfmkfD9HiimQCTH-LmKYQdk6E3FdOdAz2kQ7YvHyysfmwzVSpHijzd2Wo7_DNGjKtsFwAlQxuUrRkq4v50E8cmyyt35RUm6MjrgXR9UF32gQXWpYt_HlMXLYbnBeagM3p8FptDP3o7NLJp9kzBPm7UIGtbdm2t3fM8SGV6qvOOehNj_1pbNhZUj0aZnLyuxm_QOgdE4z1TX_PaZr22Eg34k_g9sfF2OPN1sFIv-8rA-XkagBdSlG3FFjpzY8bnOwtGdTOg6JrINoS3cnpEnNajEBVeapX7jvnYgsoEHzFACRdgJXudAByxj-EK83pz794GmC4r-vBL6Oq6nXn3w0QtOVQYXXsBCab-duc9RP-FasbMxt-WD_bBnxbKZZyAmVp7oa9wC1txaFLdRXkVpoC76yvp3tvvky_8-Zrpt_dauvQbyY7Wj7W8v7MnjeyOOLUVry4fH6b8ITHE5UwP9QaVsPdVob88Ye4JWn8ckHs9SEonTqYfkqDPRZSv_jjoA2VzcxOa2FbqDKkLoaNuGTopFdVADpMNfFXoRMpXcmIjNbsRPYNZakcL_7wXlFm3T0UBa0_jsXqoYHxp09i69nXX12Klulcg8-KZbjO2PrRiOOZ1dwp4UU6HEgInzO6Wg_TUCAIXSKYNanQR4v4zgPa6NHeANw5CN-s5rnRy7ju8Ch7odp-Sgk1vnBFnyuEYeDM_Wl_3uX9itfg9O8xGj7KU6dZDmyX16vDQVsDYsegjRLyxmkSTLNRkdeu2uprCOABSPzBQCidQSQxfKaFi6RMOzQBaCZVBCGnC1B-cS01Fm8chmMW2QziG4LtCisNpAfCbzfeWSo8y_39ewaWBfxYNFHDki0fdpXgJQbcSqWz611C9s1WuwAqeuhfanGIH52W11bgewzMWhIhOFle5ktBcHTrdvIfPbMSTWOFWGTteaKOm9DFCqhClE6KcuzK6LTQqZRZSTx1Fllu2dE_-ScoIFJOgFkcqUX7dHyPoIT_OAr6SSGABfvsd1zaEoDncPSMq2VfBGPyqZS9SNG5K8MjHsRU-7wg7H3ZzJZULQD253t7ikm9sa1qSCBEyW5hVCy9zSP1HV-feYkIax2RqnKIC1-GPEt94bdLrf4E08GJ4Xy8kdpwQ0bCbPiSokJLeMWTtlkZmH-hebSVXssAIlgTthMAwTV7QCXKX0sxwpyjuuu1dDZV0pyMLiDeIuLty2N4L2UDBnvPwI0K9HNjug8Uo4oOzZWEbXF2Oa-gTzlegTn5sJNEEPqW4mZLVzW7MywZex3I9qTU3a6I_82S8gQW1rICrSvHIjH3fztQXdDTc8fknSG9vvtnqIn0r04fRw6tluNfoS5AtRNOj2alY8IXlcsNMRI0Liy-WNhKlDa1ylkEnvWkaH2X1RxOQ1xuA5Z1psOpuU2SElwFWCOwkXJpoVlNDwmnAdxsBURtiR-yFqFSMNFz6nwelPgSYUkl3strInndcUHESpIlQ4-xriM0EEUgEMcRKYq56-_k0BoDiw1brMfxJGiUJkNmVykdI8fH9sTXymYctubO8zUxdYGhmxcruPZGRPk2M93MKF7-ikqran4rISZpINwC0NjeqKg5SuBjz66a6SMUTTvAZclGvGdY2ICy8cqGHLZ9aOS2Rc7kzYAbrXdJz_EH2cf9ampySVXbaYNPLLTdPBf2xOxAo_pRtv_X6N_WbH56v9RrGcbzUfzY3CAfvcqPhFpn', 42, 'Vasko', '');

-- --------------------------------------------------------

--
-- Table structure for table`jos_template_styles`
--

CREATE TABLE `jos_template_styles` (
  `id` int(10) unsigned NOT NULL AUTO_INCREMENT,
  `template` varchar(50) NOT NULL DEFAULT '',
  `client_id` tinyint(1) unsigned NOT NULL DEFAULT '0',
  `home` char(7) NOT NULL DEFAULT '0',
  `title` varchar(255) NOT NULL DEFAULT '',
  `params` text NOT NULL,
  PRIMARY KEY (`id`),
  KEY `idx_template` (`template`),
  KEY `idx_home` (`home`)
) ENGINE=MyISAM  DEFAULT CHARSET=utf8 AUTO_INCREMENT=11 ;

--
-- Dumping data for table 'jos_template_styles'
--

INSERT INTO `jos_template_styles` VALUES
(2, 'bluestork', 1, '1', 'Bluestork - Default', '{"useRoundedCorners":"1","showSiteName":"0"}'),
(3, 'atomic', 0, '0', 'Atomic - Default', '{}'),
(4, 'beez_20', 0, '0', 'Beez2 - Default', '{"wrapperSmall":"53","wrapperLarge":"72","logo":"images\\/joomla_black.gif","sitetitle":"Joomla!","sitedescription":"Open Source Content Management","navposition":"left","templatecolor":"personal","html5":"0"}'),
(5, 'hathor', 1, '0', 'Hathor - Default', '{"showSiteName":"0","colourChoice":"","boldText":"0"}'),
(6, 'beez5', 0, '0', 'Beez5 - Default', '{"wrapperSmall":"53","wrapperLarge":"72","logo":"images\\/sampledata\\/fruitshop\\/fruits.gif","sitetitle":"Joomla!","sitedescription":"Open Source Content Management","navposition":"left","html5":"0"}'),
(7, 'endos-qjt', 0, '0', 'Endos-QJT - Default', '{"slogandisable":"1","slogan":"KA Group Consulting","footerdisable":"1","footertext":"Copyright 2010 - 2012 KA Group Consulting ","analyticsdisable":"1","googleanalytics":"UA-1111111-22","socialbuttons":"0","googletranslate":"1","jchecker":"1","jcopyright":"1","jscroll":"1","jtabs":"1","addthis":"http:\\/\\/s7.addthis.com\\/js\\/250\\/addthis_widget.js#pubid=xa-4dd788572198c717","slidedisable":"1","slidedesc1":"Description slide 1","url1":"\\/","slidedesc2":"Description slide 2","url2":"\\/","slidedesc3":"Description slide 3","url3":"\\/","slidedesc4":"Description slide 4","url4":"\\/"}'),
(8, 'jsn_epic_free', 0, '0', 'JSN_Epic_FREE - Default', '{"logoPath":"images\\/logo_kagroup_joomla.jpg","logoLink":"index.php","logoSlogan":"KA Group Consulting - Management Consulting and Development","enableColoredLogo":"0","templateWidth":"float","narrowWidth":"960","wideWidth":"1150","floatWidth":"80","promoLeftWidth":"23","promoRightWidth":"23","leftWidth":"23","rightWidth":"23","innerleftWidth":"28","innerrightWidth":"28","showFrontpage":"1","equalHeight":"0"}'),
(10, 'jsn_epic_pro', 0, '1', 'JSN_Epic_PRO - Default', '{"logoPath":"images\\/logo_kagroup_joomla.jpg","logoLink":"KA Group Consulting","logoSlogan":"Providing tools for management decisions!","enableColoredLogo":"0","templateWidth":"float","narrowWidth":"960","wideWidth":"1150","floatWidth":"80","promoLeftWidth":"23","promoRightWidth":"23","leftWidth":"23","rightWidth":"23","innerleftWidth":"28","innerrightWidth":"28","showFrontpage":"1","equalHeight":"0","templateColor":"grey","templateTextStyle":"business","templateTextSize":"medium","templateSpecialFont":"0","enableCSS3Effect":"0","enableMMFX":"1","enableMMTransparency":"1","mmWidth":"185","enableSMFX":"1","enableSMTransparency":"1","smWidth":"185","sitetoolsPresentation":"menu","enableTextSizer":"1","enableWidthSelector":"1","enableColorSelector":"1","colorIcons":"blue,red,green,violet,orange,grey","enableTopH1":"1","enableGotopLink":"1","enableIconLinks":"0","enablePrintingOptimization":"1","analyticsCodePosition":"1","analyticsCode":"","customCSS":"","cssJsCompression":"0","cacheFolder":"tmp","enableJQuery":"0","enableSqueezebox":"0","enableMobileSupport":"1","showDesktopSwitcher":"1","mobileLogoPath":"","logo-m":"none","content-top-m":"content-top","user-top-m":"user-top","user-bottom-m":"user-bottom","banner-m":"banner","content-bottom-m":"content-bottom","mainmenu-m":"mainmenu","footer-m":"footer"}');

-- --------------------------------------------------------

--
-- Table structure for table`jos_updates`
--

CREATE TABLE `jos_updates` (
  `update_id` int(11) NOT NULL AUTO_INCREMENT,
  `update_site_id` int(11) DEFAULT '0',
  `extension_id` int(11) DEFAULT '0',
  `categoryid` int(11) DEFAULT '0',
  `name` varchar(100) DEFAULT '',
  `description` text NOT NULL,
  `element` varchar(100) DEFAULT '',
  `type` varchar(20) DEFAULT '',
  `folder` varchar(20) DEFAULT '',
  `client_id` tinyint(3) DEFAULT '0',
  `version` varchar(10) DEFAULT '',
  `data` text NOT NULL,
  `detailsurl` text NOT NULL,
  `infourl` text NOT NULL,
  PRIMARY KEY (`update_id`)
) ENGINE=MyISAM  DEFAULT CHARSET=utf8 COMMENT='Available Updates' AUTO_INCREMENT=52 ;

--
-- Dumping data for table 'jos_updates'
--

INSERT INTO `jos_updates` VALUES
(21, 1, 0, 0, 'Joomla', '', 'joomla', 'file', '', 0, '2.5.7', '', 'http://update.joomla.org/core/extension.xml', ''),
(20, 7, 0, 0, 'admintoolscore', 'Admin Tools Core', 'com_admintools', 'component', '', 0, '2.3.1', '', 'http://cdn.akeebabackup.com/updates/atcore.xml', 'https://www.akeebabackup.com/downloads/admin-tools/admintools-2-3-1.html'),
(16, 7, 0, 0, 'admintoolscore', 'Admin Tools Core', 'com_admintools', 'component', '', 0, '2.2.10', '', 'http://cdn.akeebabackup.com/updates/atcore.xml', 'https://www.akeebabackup.com/downloads/admin-tools/admintools-2-2-10.html'),
(17, 7, 0, 0, 'admintoolscore', 'Admin Tools Core', 'com_admintools', 'component', '', 0, '2.2.10', '', 'http://cdn.akeebabackup.com/updates/atcore.xml', 'https://www.akeebabackup.com/downloads/admin-tools/admintools-2-2-10.html'),
(15, 5, 0, 0, 'JCE Editor', '', 'com_jce', 'component', '', 1, '2.2.4', '', 'https://www.joomlacontenteditor.net/index.php?option=com_updates&view=update&format=xml&id=1/extension.xml', 'http://www.joomlacontenteditor.net/news/item/jce-224-released?category_id=32'),
(9, 1, 700, 0, 'Joomla', '', 'joomla', 'file', '', 0, '2.5.6', '', 'http://update.joomla.org/core/extension.xml', ''),
(10, 3, 0, 0, 'akeebacore', 'Akeeba Backup Core', 'com_akeeba', 'component', '', 1, '3.5.2', '', 'http://nocdn.akeebabackup.com/updates/abcore.xml', 'https://www.akeebabackup.com/downloads/akeeba-backup/akeeba-backup-3-5-2.html'),
(19, 7, 0, 0, 'admintoolscore', 'Admin Tools Core', 'com_admintools', 'component', '', 0, '2.3.1', '', 'http://cdn.akeebabackup.com/updates/atcore.xml', 'https://www.akeebabackup.com/downloads/admin-tools/admintools-2-3-1.html'),
(12, 5, 0, 0, 'JCE Editor', '', 'com_jce', 'component', '', 1, '2.2.1.2', '', 'https://www.joomlacontenteditor.net/index.php?option=com_updates&view=update&format=xml&id=1/extension.xml', 'http://www.joomlacontenteditor.net/news/item/jce-2212-released?category_id=32'),
(18, 3, 0, 0, 'akeebacore', 'Akeeba Backup Core', 'com_akeeba', 'component', '', 1, '3.6.1', '', 'http://nocdn.akeebabackup.com/updates/abcore.xml', 'https://www.akeebabackup.com/downloads/akeeba-backup/akeeba-backup-3-6-1.html'),
(14, 7, 0, 0, 'admintoolscore', 'Admin Tools Core', 'com_admintools', 'component', '', 0, '2.2.9', '', 'http://cdn.akeebabackup.com/updates/atcore.xml', 'https://www.akeebabackup.com/downloads/admin-tools/admintools-2-2-9.html'),
(22, 3, 0, 0, 'akeebacore', 'Akeeba Backup Core', 'com_akeeba', 'component', '', 1, '3.6.5', '', 'http://nocdn.akeebabackup.com/updates/abcore.xml', 'https://www.akeebabackup.com/downloads/akeeba-backup/akeeba-backup-3-6-5.html'),
(23, 5, 0, 0, 'JCE Editor', '', 'com_jce', 'component', '', 1, '2.2.7.2', '', 'https://www.joomlacontenteditor.net/index.php?option=com_updates&view=update&format=xml&id=1/extension.xml', 'http://www.joomlacontenteditor.net/news/item/jce-227-released?category_id=32'),
(24, 7, 0, 0, 'admintoolscore', 'Admin Tools Core', 'com_admintools', 'component', '', 0, '2.3.2', '', 'http://cdn.akeebabackup.com/updates/atcore.xml', 'https://www.akeebabackup.com/downloads/admin-tools/admintools-2-3-2.html'),
(25, 7, 0, 0, 'admintoolscore', 'Admin Tools Core', 'com_admintools', 'component', '', 0, '2.3.2', '', 'http://cdn.akeebabackup.com/updates/atcore.xml', 'https://www.akeebabackup.com/downloads/admin-tools/admintools-2-3-2.html'),
(26, 9, 0, 0, 'JCE Editor', '', 'com_jce', 'component', '', 1, '2.2.7.2', '', 'https://www.joomlacontenteditor.net/index.php?option=com_updates&view=update&format=xml&id=1\n        /extension.xml', 'http://www.joomlacontenteditor.net/news/item/jce-227-released?category_id=32'),
(27, 9, 0, 0, 'JCE Editor', '', 'com_jce', 'component', '', 1, '2.2.7.2', '', 'https://www.joomlacontenteditor.net/index.php?option=com_updates&view=update&format=xml&id=1\n        /extension.xml', 'http://www.joomlacontenteditor.net/news/item/jce-227-released?category_id=32'),
(28, 11, 0, 0, 'missingt-component', 'missingt component', 'com_missingt', 'component', '', 0, '1.0.3', '', 'http://www.jlv-solutions.com/updates/missingt-update.xml', 'http://www.jlv-solutions.com/products/missingt/download/1.0.3_STABLE.html'),
(29, 3, 0, 0, 'akeebacore', 'Akeeba Backup Core', 'com_akeeba', 'component', '', 1, '3.6.5', '', 'http://nocdn.akeebabackup.com/updates/abcore.xml', 'https://www.akeebabackup.com/downloads/akeeba-backup/akeeba-backup-3-6-5.html'),
(30, 5, 0, 0, 'JCE Editor', '', 'com_jce', 'component', '', 1, '2.2.7.2', '', 'https://www.joomlacontenteditor.net/index.php?option=com_updates&view=update&format=xml&id=1/extension.xml', 'http://www.joomlacontenteditor.net/news/item/jce-227-released?category_id=32'),
(31, 7, 0, 0, 'admintoolscore', 'Admin Tools Core', 'com_admintools', 'component', '', 0, '2.3.2', '', 'http://cdn.akeebabackup.com/updates/atcore.xml', 'https://www.akeebabackup.com/downloads/admin-tools/admintools-2-3-2.html'),
(32, 9, 0, 0, 'JCE Editor', '', 'com_jce', 'component', '', 1, '2.2.7.2', '', 'https://www.joomlacontenteditor.net/index.php?option=com_updates&view=update&format=xml&id=1\n        /extension.xml', 'http://www.joomlacontenteditor.net/news/item/jce-227-released?category_id=32'),
(33, 3, 0, 0, 'akeebacore', 'Akeeba Backup Core', 'com_akeeba', 'component', '', 1, '3.6.5', '', 'http://nocdn.akeebabackup.com/updates/abcore.xml', 'https://www.akeebabackup.com/downloads/akeeba-backup/akeeba-backup-3-6-5.html'),
(34, 5, 0, 0, 'JCE Editor', '', 'com_jce', 'component', '', 1, '2.2.7.2', '', 'https://www.joomlacontenteditor.net/index.php?option=com_updates&view=update&format=xml&id=1/extension.xml', 'http://www.joomlacontenteditor.net/news/item/jce-227-released?category_id=32'),
(35, 5, 0, 0, 'JCE Editor', '', 'com_jce', 'component', '', 1, '2.2.7.2', '', 'https://www.joomlacontenteditor.net/index.php?option=com_updates&view=update&format=xml&id=1/extension.xml', 'http://www.joomlacontenteditor.net/news/item/jce-227-released?category_id=32'),
(36, 7, 0, 0, 'admintoolscore', 'Admin Tools Core', 'com_admintools', 'component', '', 0, '2.3.2', '', 'http://cdn.akeebabackup.com/updates/atcore.xml', 'https://www.akeebabackup.com/downloads/admin-tools/admintools-2-3-2.html'),
(37, 7, 0, 0, 'admintoolscore', 'Admin Tools Core', 'com_admintools', 'component', '', 0, '2.3.2', '', 'http://cdn.akeebabackup.com/updates/atcore.xml', 'https://www.akeebabackup.com/downloads/admin-tools/admintools-2-3-2.html'),
(38, 9, 0, 0, 'JCE Editor', '', 'com_jce', 'component', '', 1, '2.2.7.2', '', 'https://www.joomlacontenteditor.net/index.php?option=com_updates&view=update&format=xml&id=1\n        /extension.xml', 'http://www.joomlacontenteditor.net/news/item/jce-227-released?category_id=32'),
(39, 9, 0, 0, 'JCE Editor', '', 'com_jce', 'component', '', 1, '2.2.7.2', '', 'https://www.joomlacontenteditor.net/index.php?option=com_updates&view=update&format=xml&id=1\n        /extension.xml', 'http://www.joomlacontenteditor.net/news/item/jce-227-released?category_id=32'),
(40, 3, 0, 0, 'akeebacore', 'Akeeba Backup Core', 'com_akeeba', 'component', '', 1, '3.6.5', '', 'http://nocdn.akeebabackup.com/updates/abcore.xml', 'https://www.akeebabackup.com/downloads/akeeba-backup/akeeba-backup-3-6-5.html'),
(41, 3, 0, 0, 'akeebacore', 'Akeeba Backup Core', 'com_akeeba', 'component', '', 1, '3.6.5', '', 'http://nocdn.akeebabackup.com/updates/abcore.xml', 'https://www.akeebabackup.com/downloads/akeeba-backup/akeeba-backup-3-6-5.html'),
(42, 5, 0, 0, 'JCE Editor', '', 'com_jce', 'component', '', 1, '2.2.7.2', '', 'https://www.joomlacontenteditor.net/index.php?option=com_updates&view=update&format=xml&id=1/extension.xml', 'http://www.joomlacontenteditor.net/news/item/jce-227-released?category_id=32'),
(43, 5, 0, 0, 'JCE Editor', '', 'com_jce', 'component', '', 1, '2.2.7.2', '', 'https://www.joomlacontenteditor.net/index.php?option=com_updates&view=update&format=xml&id=1/extension.xml', 'http://www.joomlacontenteditor.net/news/item/jce-227-released?category_id=32'),
(44, 7, 0, 0, 'admintoolscore', 'Admin Tools Core', 'com_admintools', 'component', '', 0, '2.3.2', '', 'http://cdn.akeebabackup.com/updates/atcore.xml', 'https://www.akeebabackup.com/downloads/admin-tools/admintools-2-3-2.html'),
(45, 9, 0, 0, 'JCE Editor', '', 'com_jce', 'component', '', 1, '2.2.7.2', '', 'https://www.joomlacontenteditor.net/index.php?option=com_updates&view=update&format=xml&id=1\n        /extension.xml', 'http://www.joomlacontenteditor.net/news/item/jce-227-released?category_id=32'),
(46, 7, 0, 0, 'admintoolscore', 'Admin Tools Core', 'com_admintools', 'component', '', 0, '2.3.2', '', 'http://cdn.akeebabackup.com/updates/atcore.xml', 'https://www.akeebabackup.com/downloads/admin-tools/admintools-2-3-2.html'),
(47, 9, 0, 0, 'JCE Editor', '', 'com_jce', 'component', '', 1, '2.2.7.2', '', 'https://www.joomlacontenteditor.net/index.php?option=com_updates&view=update&format=xml&id=1\n        /extension.xml', 'http://www.joomlacontenteditor.net/news/item/jce-227-released?category_id=32'),
(48, 3, 0, 0, 'akeebacore', 'Akeeba Backup Core', 'com_akeeba', 'component', '', 1, '3.6.5', '', 'http://nocdn.akeebabackup.com/updates/abcore.xml', 'https://www.akeebabackup.com/downloads/akeeba-backup/akeeba-backup-3-6-5.html'),
(49, 5, 0, 0, 'JCE Editor', '', 'com_jce', 'component', '', 1, '2.2.7.2', '', 'https://www.joomlacontenteditor.net/index.php?option=com_updates&view=update&format=xml&id=1/extension.xml', 'http://www.joomlacontenteditor.net/news/item/jce-227-released?category_id=32'),
(50, 7, 0, 0, 'admintoolscore', 'Admin Tools Core', 'com_admintools', 'component', '', 0, '2.3.2', '', 'http://cdn.akeebabackup.com/updates/atcore.xml', 'https://www.akeebabackup.com/downloads/admin-tools/admintools-2-3-2.html'),
(51, 9, 0, 0, 'JCE Editor', '', 'com_jce', 'component', '', 1, '2.2.7.2', '', 'https://www.joomlacontenteditor.net/index.php?option=com_updates&view=update&format=xml&id=1\n        /extension.xml', 'http://www.joomlacontenteditor.net/news/item/jce-227-released?category_id=32');

-- --------------------------------------------------------

--
-- Table structure for table`jos_update_categories`
--

CREATE TABLE `jos_update_categories` (
  `categoryid` int(11) NOT NULL AUTO_INCREMENT,
  `name` varchar(20) DEFAULT '',
  `description` text NOT NULL,
  `parent` int(11) DEFAULT '0',
  `updatesite` int(11) DEFAULT '0',
  PRIMARY KEY (`categoryid`)
) ENGINE=MyISAM DEFAULT CHARSET=utf8 COMMENT='Update Categories' AUTO_INCREMENT=1 ;

-- --------------------------------------------------------

--
-- Table structure for table`jos_update_sites`
--

CREATE TABLE `jos_update_sites` (
  `update_site_id` int(11) NOT NULL AUTO_INCREMENT,
  `name` varchar(100) DEFAULT '',
  `type` varchar(20) DEFAULT '',
  `location` text NOT NULL,
  `enabled` int(11) DEFAULT '0',
  `last_check_timestamp` bigint(20) DEFAULT '0',
  PRIMARY KEY (`update_site_id`)
) ENGINE=MyISAM  DEFAULT CHARSET=utf8 COMMENT='Update Sites' AUTO_INCREMENT=12 ;

--
-- Dumping data for table 'jos_update_sites'
--

INSERT INTO `jos_update_sites` VALUES
(1, 'Joomla Core', 'collection', 'http://update.joomla.org/core/list.xml', 1, 1348487250),
(2, 'Joomla Extension Directory', 'collection', 'http://update.joomla.org/jed/list.xml', 1, 1348487250),
(3, 'Akeeba Backup Core Updates', 'extension', 'http://nocdn.akeebabackup.com/updates/abcore.xml', 1, 1348487250),
(10, 'Localise Update Site', 'extension', 'http://joomlacode.org/gf/project/com_localise/scmsvn/?action=browse&path=%2F*checkout*%2Ftrunk%2Flocalise-update.xml', 1, 1348487250),
(5, 'JCE Editor Updates', 'extension', 'https://www.joomlacontenteditor.net/index.php?option=com_updates&view=update&format=xml&id=1', 1, 1348487250),
(11, 'Tracks Update Site', 'extension', 'http://www.jlv-solutions.com/updates/missingt-update.xml', 1, 1348487250),
(7, 'Admin Tools updates', 'extension', 'http://cdn.akeebabackup.com/updates/atcore.xml', 1, 1348487250),
(9, 'JCE Editor Updates', 'extension', 'https://www.joomlacontenteditor.net/index.php?option=com_updates&view=update&format=xml&id=1\n        ', 1, 1348487250);

-- --------------------------------------------------------

--
-- Table structure for table`jos_update_sites_extensions`
--

CREATE TABLE `jos_update_sites_extensions` (
  `update_site_id` int(11) NOT NULL DEFAULT '0',
  `extension_id` int(11) NOT NULL DEFAULT '0',
  PRIMARY KEY (`update_site_id`,`extension_id`)
) ENGINE=MyISAM DEFAULT CHARSET=utf8 COMMENT='Links extensions to update sites';

--
-- Dumping data for table 'jos_update_sites_extensions'
--

INSERT INTO `jos_update_sites_extensions` VALUES
(1, 700),
(2, 700),
(3, 10021),
(5, 10035),
(7, 10024),
(9, 10035),
(10, 10041),
(11, 10042);

-- --------------------------------------------------------

--
-- Table structure for table`jos_usergroups`
--

CREATE TABLE `jos_usergroups` (
  `id` int(10) unsigned NOT NULL AUTO_INCREMENT COMMENT 'Primary Key',
  `parent_id` int(10) unsigned NOT NULL DEFAULT '0' COMMENT 'Adjacency List Reference Id',
  `lft` int(11) NOT NULL DEFAULT '0' COMMENT 'Nested set lft.',
  `rgt` int(11) NOT NULL DEFAULT '0' COMMENT 'Nested set rgt.',
  `title` varchar(100) NOT NULL DEFAULT '',
  PRIMARY KEY (`id`),
  UNIQUE KEY `idx_usergroup_parent_title_lookup` (`parent_id`,`title`),
  KEY `idx_usergroup_title_lookup` (`title`),
  KEY `idx_usergroup_adjacency_lookup` (`parent_id`),
  KEY `idx_usergroup_nested_set_lookup` (`lft`,`rgt`) USING BTREE
) ENGINE=MyISAM  DEFAULT CHARSET=utf8 AUTO_INCREMENT=9 ;

--
-- Dumping data for table 'jos_usergroups'
--

INSERT INTO `jos_usergroups` VALUES
(1, 0, 1, 20, 'Public'),
(2, 1, 6, 17, 'Registered'),
(3, 2, 7, 14, 'Author'),
(4, 3, 8, 11, 'Editor'),
(5, 4, 9, 10, 'Publisher'),
(6, 1, 2, 5, 'Manager'),
(7, 6, 3, 4, 'Administrator'),
(8, 1, 18, 19, 'Super Users');

-- --------------------------------------------------------

--
-- Table structure for table`jos_users`
--

CREATE TABLE `jos_users` (
  `id` int(11) NOT NULL AUTO_INCREMENT,
  `name` varchar(255) NOT NULL DEFAULT '',
  `username` varchar(150) NOT NULL DEFAULT '',
  `email` varchar(100) NOT NULL DEFAULT '',
  `password` varchar(100) NOT NULL DEFAULT '',
  `usertype` varchar(25) NOT NULL DEFAULT '',
  `block` tinyint(4) NOT NULL DEFAULT '0',
  `sendEmail` tinyint(4) DEFAULT '0',
  `registerDate` datetime NOT NULL DEFAULT '0000-00-00 00:00:00',
  `lastvisitDate` datetime NOT NULL DEFAULT '0000-00-00 00:00:00',
  `activation` varchar(100) NOT NULL DEFAULT '',
  `params` text NOT NULL,
  PRIMARY KEY (`id`),
  KEY `usertype` (`usertype`),
  KEY `idx_name` (`name`),
  KEY `idx_block` (`block`),
  KEY `username` (`username`),
  KEY `email` (`email`)
) ENGINE=MyISAM  DEFAULT CHARSET=utf8 AUTO_INCREMENT=43 ;

--
-- Dumping data for table 'jos_users'
--

INSERT INTO `jos_users` VALUES
(42, 'Administrator', 'Vasko', 'info@kagroupconsulting.com', '8eab68199db4d69da47f379517e98a0c:TWV9aFaA3EfzqYNqRbRdybA5EKVhzkTq', 'deprecated', 0, 1, '2012-02-23 10:45:51', '2012-09-24 11:47:26', '', '{"admin_style":"","admin_language":"","language":"en-GB","editor":"","helpsite":"","timezone":""}');

-- --------------------------------------------------------

--
-- Table structure for table`jos_user_notes`
--

CREATE TABLE `jos_user_notes` (
  `id` int(10) unsigned NOT NULL AUTO_INCREMENT,
  `user_id` int(10) unsigned NOT NULL DEFAULT '0',
  `catid` int(10) unsigned NOT NULL DEFAULT '0',
  `subject` varchar(100) NOT NULL DEFAULT '',
  `body` text NOT NULL,
  `state` tinyint(3) NOT NULL DEFAULT '0',
  `checked_out` int(10) unsigned NOT NULL DEFAULT '0',
  `checked_out_time` datetime NOT NULL DEFAULT '0000-00-00 00:00:00',
  `created_user_id` int(10) unsigned NOT NULL DEFAULT '0',
  `created_time` datetime NOT NULL DEFAULT '0000-00-00 00:00:00',
  `modified_user_id` int(10) unsigned NOT NULL,
  `modified_time` datetime NOT NULL DEFAULT '0000-00-00 00:00:00',
  `review_time` datetime NOT NULL DEFAULT '0000-00-00 00:00:00',
  `publish_up` datetime NOT NULL DEFAULT '0000-00-00 00:00:00',
  `publish_down` datetime NOT NULL DEFAULT '0000-00-00 00:00:00',
  PRIMARY KEY (`id`),
  KEY `idx_user_id` (`user_id`),
  KEY `idx_category_id` (`catid`)
) ENGINE=MyISAM DEFAULT CHARSET=utf8 AUTO_INCREMENT=1 ;

-- --------------------------------------------------------

--
-- Table structure for table`jos_user_profiles`
--

CREATE TABLE `jos_user_profiles` (
  `user_id` int(11) NOT NULL,
  `profile_key` varchar(100) NOT NULL,
  `profile_value` varchar(255) NOT NULL,
  `ordering` int(11) NOT NULL DEFAULT '0',
  UNIQUE KEY `idx_user_id_profile_key` (`user_id`,`profile_key`)
) ENGINE=MyISAM DEFAULT CHARSET=utf8 COMMENT='Simple user profile storage table';

-- --------------------------------------------------------

--
-- Table structure for table`jos_user_usergroup_map`
--

CREATE TABLE `jos_user_usergroup_map` (
  `user_id` int(10) unsigned NOT NULL DEFAULT '0' COMMENT 'Foreign Key to jos_users.id',
  `group_id` int(10) unsigned NOT NULL DEFAULT '0' COMMENT 'Foreign Key to jos_usergroups.id',
  PRIMARY KEY (`user_id`,`group_id`)
) ENGINE=MyISAM DEFAULT CHARSET=utf8;

--
-- Dumping data for table 'jos_user_usergroup_map'
--

INSERT INTO `jos_user_usergroup_map` VALUES
(42, 8);

-- --------------------------------------------------------

--
-- Table structure for table`jos_viewlevels`
--

CREATE TABLE `jos_viewlevels` (
  `id` int(10) unsigned NOT NULL AUTO_INCREMENT COMMENT 'Primary Key',
  `title` varchar(100) NOT NULL DEFAULT '',
  `ordering` int(11) NOT NULL DEFAULT '0',
  `rules` varchar(5120) NOT NULL COMMENT 'JSON encoded access control.',
  PRIMARY KEY (`id`),
  UNIQUE KEY `idx_assetgroup_title_lookup` (`title`)
) ENGINE=MyISAM  DEFAULT CHARSET=utf8 AUTO_INCREMENT=4 ;

--
-- Dumping data for table 'jos_viewlevels'
--

INSERT INTO `jos_viewlevels` VALUES
(1, 'Public', 0, '[1]'),
(2, 'Registered', 1, '[6,2,8]'),
(3, 'Special', 2, '[6,3,8]');

-- --------------------------------------------------------

--
-- Table structure for table`jos_weblinks`
--

CREATE TABLE `jos_weblinks` (
  `id` int(10) unsigned NOT NULL AUTO_INCREMENT,
  `catid` int(11) NOT NULL DEFAULT '0',
  `sid` int(11) NOT NULL DEFAULT '0',
  `title` varchar(250) NOT NULL DEFAULT '',
  `alias` varchar(255) CHARACTER SET utf8 COLLATE utf8_bin NOT NULL DEFAULT '',
  `url` varchar(250) NOT NULL DEFAULT '',
  `description` text NOT NULL,
  `date` datetime NOT NULL DEFAULT '0000-00-00 00:00:00',
  `hits` int(11) NOT NULL DEFAULT '0',
  `state` tinyint(1) NOT NULL DEFAULT '0',
  `checked_out` int(11) NOT NULL DEFAULT '0',
  `checked_out_time` datetime NOT NULL DEFAULT '0000-00-00 00:00:00',
  `ordering` int(11) NOT NULL DEFAULT '0',
  `archived` tinyint(1) NOT NULL DEFAULT '0',
  `approved` tinyint(1) NOT NULL DEFAULT '1',
  `access` int(11) NOT NULL DEFAULT '1',
  `params` text NOT NULL,
  `language` char(7) NOT NULL DEFAULT '',
  `created` datetime NOT NULL DEFAULT '0000-00-00 00:00:00',
  `created_by` int(10) unsigned NOT NULL DEFAULT '0',
  `created_by_alias` varchar(255) NOT NULL DEFAULT '',
  `modified` datetime NOT NULL DEFAULT '0000-00-00 00:00:00',
  `modified_by` int(10) unsigned NOT NULL DEFAULT '0',
  `metakey` text NOT NULL,
  `metadesc` text NOT NULL,
  `metadata` text NOT NULL,
  `featured` tinyint(3) unsigned NOT NULL DEFAULT '0' COMMENT 'Set if link is featured.',
  `xreference` varchar(50) NOT NULL COMMENT 'A reference to enable linkages to external data sets.',
  `publish_up` datetime NOT NULL DEFAULT '0000-00-00 00:00:00',
  `publish_down` datetime NOT NULL DEFAULT '0000-00-00 00:00:00',
  PRIMARY KEY (`id`),
  KEY `idx_access` (`access`),
  KEY `idx_checkout` (`checked_out`),
  KEY `idx_state` (`state`),
  KEY `idx_catid` (`catid`),
  KEY `idx_createdby` (`created_by`),
  KEY `idx_featured_catid` (`featured`,`catid`),
  KEY `idx_language` (`language`),
  KEY `idx_xreference` (`xreference`)
) ENGINE=MyISAM DEFAULT CHARSET=utf8 AUTO_INCREMENT=1 ;

-- --------------------------------------------------------

--
-- Table structure for table`jos_wf_profiles`
--

CREATE TABLE `jos_wf_profiles` (
  `id` int(11) NOT NULL AUTO_INCREMENT,
  `name` varchar(255) NOT NULL,
  `description` varchar(255) NOT NULL,
  `users` text NOT NULL,
  `types` varchar(255) NOT NULL,
  `components` text NOT NULL,
  `area` tinyint(3) NOT NULL,
  `rows` text NOT NULL,
  `plugins` text NOT NULL,
  `published` tinyint(3) NOT NULL,
  `ordering` int(11) NOT NULL,
  `checked_out` tinyint(3) NOT NULL,
  `checked_out_time` datetime NOT NULL,
  `params` text NOT NULL,
  PRIMARY KEY (`id`)
) ENGINE=MyISAM  DEFAULT CHARSET=utf8 AUTO_INCREMENT=4 ;

--
-- Dumping data for table 'jos_wf_profiles'
--

INSERT INTO `jos_wf_profiles` VALUES
(1, 'Default', 'Default Profile for all users', '', '3,4,5,6,7,8', '', 0, 'help,newdocument,undo,redo,spacer,bold,italic,underline,strikethrough,justifyfull,justifycenter,justifyleft,justifyright,spacer,blockquote,formatselect,styleselect,removeformat,cleanup;fontselect,fontsizeselect,forecolor,backcolor,spacer,paste,indent,outdent,numlist,bullist,sub,sup,textcase,charmap,hr;directionality,fullscreen,preview,source,print,searchreplace,spacer,table;visualaid,visualchars,visualblocks,nonbreaking,style,xhtmlxtras,anchor,unlink,link,imgmanager,spellchecker,article', 'contextmenu,browser,inlinepopups,media,help,paste,searchreplace,directionality,fullscreen,preview,source,table,textcase,print,style,nonbreaking,visualchars,visualblocks,xhtmlxtras,imgmanager,link,spellchecker,article,anchor', 1, 1, 0, '0000-00-00 00:00:00', ''),
(2, 'Front End', 'Sample Front-end Profile', '', '3,4,5', '', 1, 'help,newdocument,undo,redo,spacer,bold,italic,underline,strikethrough,justifyfull,justifycenter,justifyleft,justifyright,spacer,formatselect,styleselect;paste,searchreplace,indent,outdent,numlist,bullist,cleanup,charmap,removeformat,hr,sub,sup,textcase,nonbreaking,visualchars,visualblocks;fullscreen,preview,print,visualaid,style,xhtmlxtras,anchor,unlink,link,imgmanager,spellchecker,article', 'contextmenu,inlinepopups,help,paste,searchreplace,fullscreen,preview,print,style,textcase,nonbreaking,visualchars,visualblocks,xhtmlxtras,imgmanager,link,spellchecker,article,anchor', 0, 2, 0, '0000-00-00 00:00:00', ''),
(3, 'Blogger', 'Simple Blogging Profile', '', '', '', 0, 'bold,italic,strikethrough,bullist,numlist,blockquote,spacer,justifyleft,justifycenter,justifyright,spacer,link,unlink,imgmanager,article,spellchecker,fullscreen,kitchensink;formatselect,underline,justifyfull,forecolor,paste,removeformat,charmap,indent,outdent,undo,redo,help', 'link,imgmanager,article,spellchecker,fullscreen,kitchensink,paste,contextmenu,inlinepopups', 0, 3, 0, '0000-00-00 00:00:00', '\n                \n            ');

-- --------------------------------------------------------

